{"id":17,"date":"2015-06-29T13:43:37","date_gmt":"2015-06-29T12:43:37","guid":{"rendered":"https:\/\/apps.atilf.fr\/homepages\/lgobert\/?page_id=17"},"modified":"2015-08-31T09:36:58","modified_gmt":"2015-08-31T08:36:58","slug":"publications","status":"publish","type":"page","link":"https:\/\/perso.atilf.fr\/lgobert\/publications\/","title":{"rendered":"Publications"},"content":{"rendered":"<h2>R\u00e9seaux lexicaux<\/h2>\n<p>S. Ollinger, <b>(2014)<\/b> \u00ab\u00a0Regroupement de structures de d\u00e9rivations lexicales par raisonnement analogique \u00bb, <i>in<\/i> : Brigitte Bigi (\u00e9d.), <i> Actes de R\u00e9cital 2014, Facult\u00e9 Saint Charles, Aix Marseille Universit\u00e9 (Marseille), du 1er au 4 juillet 2014<\/i>, pp.92-103.<\/p>\n<div class=\"telechargement\"><a href=\"http:\/\/halshs.archives-ouvertes.fr\/halshs-01021152\" target=\"_blank\">Consulter l&rsquo;article (HAL)<\/a><\/div>\n<p>N. Gader, S. Ollinger and A. Polguere, <b>(2014)<\/b> \u00ab\u00a0One Lexicon, Two Structures: So What Gives? \u00bb, <i>in<\/i> : Heili Orav, Christiane Feldlbaum, Piek Vossen (\u00e9d.), <i> Proceedings of the Seventh Global WordNet Conference (GWC2014), (Tartu, Estonia, January 25-29, 2014)<\/i>, pp.163-171.<\/p>\n<div class=\"telechargement\"><a href=\"http:\/\/hal.archives-ouvertes.fr\/hal-00937187\" target=\"_blank\">Consulter l&rsquo;article (HAL)<\/a><\/div>\n<p>S. Ollinger <b>(2013)<\/b> \u00ab M\u00e9mo RLF. Propri\u00e9t\u00e9s formelles du RLF et du RLA \u00bb, <i>Projet RELIEF\/RLF, ATILF CNRS<\/i>.<\/p>\n<h2>Cr\u00e9ativit\u00e9 lexicale<\/h2>\n<p>C. Reutenauer, E. Jacquey, S. Ollinger <b>(\u00e0 para\u00eetre)<\/b> \u00ab N\u00e9ologies de sens : contribution \u00e0 leur d\u00e9tection et leur caract\u00e9risation dans un corpus autour du th\u00e8me de la crise financi\u00e8re \u00bb, <i>in<\/i> : M. Teresa Cabr\u00e9 i Castellv\u00ed <i>et al.<\/i> (\u00e9d.), <i>Actes del II Congr\u00e9s Internacional de Neologia de les lleng\u00fces romaniques (CINEO\u201911) (Universidade de S\u00e3o Paulo, 04-08 d\u00e9cembre 2011)<\/i>.<\/p>\n<div class=\"telechargement\"><a href=\"http:\/\/halshs.archives-ouvertes.fr\/halshs-00872138\" target=\"_blank\">Consulter l&rsquo;article (HAL)<\/a><\/div>\n<p>S. Ollinger, M. Valette <b>(2010)<\/b> \u00ab La cr\u00e9ativit\u00e9 lexicale : des pratiques sociales aux textes \u00bb, <i>in<\/i> : M. Teresa Cabr\u00e9 i Castellv\u00ed <i>et al.<\/i> (\u00e9d.), <i>Actes del I Congr\u00e9s Internacional de Neologia de les lleng\u00fces romaniques (CINEO\u201908) (Barcelona, 07-10 maig 2008)<\/i>, Publicacions de l&rsquo;Institut Universitari de Ling\u00fc\u00edstica Aplicada (IULA) de la Universitat Pompeu Fabra (UPF), pp. 965-876.<\/p>\n<div class=\"telechargement\"><a href=\"http:\/\/hal.archives-ouvertes.fr\/hal-00430314\/fr\/\" target=\"_blank\">Consulter l&rsquo;article (HAL)<\/a><\/div>\n<h2>Terminologie<\/h2>\n<p>E. Jacquey et al. <b>(2013)<\/b> \u00ab Filtrage terminologique par le lexique transdisciplinaire scientifique : une exp\u00e9rimentation en sciences humaines. \u00bb, <i>in<\/i> : <i>Actes TIA 2013 (Laboratoire d&rsquo;Informatique de Paris Nord Universit\u00e9 Paris 13 &#8211; Villetaneuse, 28-30 octobre 2013)<\/i>.<\/p>\n<div class=\"telechargement\"><a href=\"http:\/\/halshs.archives-ouvertes.fr\/halshs-00880215\" target=\"_blank\">Consulter l&rsquo;article (HAL)<\/a><\/div>\n<p>E. Jacquey et al. <b>(2010)<\/b> \u00ab\u00a0Th\u00e9saurus et corpus de sp\u00e9cialit\u00e9 sciences du langage : approches lexicom\u00e9triques appliqu\u00e9es \u00e0 l\u2019analyse de termes en corpus\u00a0\u00bb, <i>in<\/i> : <i>Actes TALN 2010, Montr\u00e9al, Qu\u00e9bec, juillet 2010<\/i>.<\/p>\n<div class=\"telechargement\"><a href=\"http:\/\/www.iro.umontreal.ca\/%7Efelipe\/TALN2010\/Xml\/Papers\/all\/taln2010_submission_166.pdf\" target=\"_blank\">Consulter l&rsquo;article (PDF)<\/a><\/div>\n","protected":false},"excerpt":{"rendered":"<p>R\u00e9seaux lexicaux S. Ollinger, (2014) \u00ab\u00a0Regroupement de structures de d\u00e9rivations lexicales par raisonnement analogique \u00bb, in : Brigitte Bigi (\u00e9d.), Actes de R\u00e9cital 2014, Facult\u00e9 Saint Charles, Aix Marseille Universit\u00e9 (Marseille), du 1er au 4 juillet 2014, pp.92-103. Consulter l&rsquo;article (HAL) N. Gader, S. Ollinger and A. Polguere, (2014) \u00ab\u00a0One Lexicon, Two Structures: So What [&hellip;]<\/p>\n","protected":false},"author":1,"featured_media":0,"parent":0,"menu_order":0,"comment_status":"closed","ping_status":"closed","template":"","meta":{"footnotes":""},"class_list":["post-17","page","type-page","status-publish","hentry"],"_links":{"self":[{"href":"https:\/\/perso.atilf.fr\/lgobert\/wp-json\/wp\/v2\/pages\/17","targetHints":{"allow":["GET"]}}],"collection":[{"href":"https:\/\/perso.atilf.fr\/lgobert\/wp-json\/wp\/v2\/pages"}],"about":[{"href":"https:\/\/perso.atilf.fr\/lgobert\/wp-json\/wp\/v2\/types\/page"}],"author":[{"embeddable":true,"href":"https:\/\/perso.atilf.fr\/lgobert\/wp-json\/wp\/v2\/users\/1"}],"replies":[{"embeddable":true,"href":"https:\/\/perso.atilf.fr\/lgobert\/wp-json\/wp\/v2\/comments?post=17"}],"version-history":[{"count":7,"href":"https:\/\/perso.atilf.fr\/lgobert\/wp-json\/wp\/v2\/pages\/17\/revisions"}],"predecessor-version":[{"id":156,"href":"https:\/\/perso.atilf.fr\/lgobert\/wp-json\/wp\/v2\/pages\/17\/revisions\/156"}],"wp:attachment":[{"href":"https:\/\/perso.atilf.fr\/lgobert\/wp-json\/wp\/v2\/media?parent=17"}],"curies":[{"name":"wp","href":"https:\/\/api.w.org\/{rel}","templated":true}]}}