{"id":13,"date":"2015-06-29T13:43:15","date_gmt":"2015-06-29T12:43:15","guid":{"rendered":"https:\/\/apps.atilf.fr\/homepages\/mconstant\/?page_id=13"},"modified":"2022-11-24T15:48:06","modified_gmt":"2022-11-24T14:48:06","slug":"enseignement","status":"publish","type":"page","link":"https:\/\/perso.atilf.fr\/mconstant\/enseignement\/","title":{"rendered":"Teaching"},"content":{"rendered":"<p><span style=\"text-decoration: underline\"><strong>Contexte institutionnel<\/strong><\/span><\/p>\n<p>Je suis affili\u00e9 au d\u00e9partement d&rsquo;informatique de la Facult\u00e9 des Sciences et Technologies (FST) o\u00f9 j&rsquo;enseigne en licence d&rsquo;informatique. J&rsquo;enseigne \u00e9galement quelques cours en licence MIASHS et master TAL de l&rsquo;IDMC, ainsi qu&rsquo;en master Science du langage \u00e0 l&rsquo;UFR SHS.<\/p>\n<p>&nbsp;<\/p>\n<p><span style=\"text-decoration: underline\"><strong>Enseignements<\/strong><\/span><\/p>\n<ul>\n<li>Algorithmique et Programmation 1 (Licence maths-info 1, FST)<\/li>\n<li>M\u00e9thodologie de conception et de programmation (Licence info 1, FST)<\/li>\n<li>Projet de synth\u00e8se (Licence info 2, FST)<\/li>\n<li>Interfaces graphiques (Licence info 2, FST)<\/li>\n<li>D\u00e9veloppement mobile (Licence info 3, FST)<\/li>\n<li>Premiers Pas en Ing\u00e9nierie Logicielle (Licence info 3, FST)<\/li>\n<\/ul>\n<p>&nbsp;<\/p>\n<ul>\n<li>Terminology (master TAL, IDMC)<\/li>\n<li>Linguistique (Licence MIASHS 2, IDMC)<\/li>\n<li>Statistiques (Master 1 Science du Langage, SHS)<\/li>\n<\/ul>\n<p>&nbsp;<\/p>\n","protected":false},"excerpt":{"rendered":"<p>Contexte institutionnel Je suis affili\u00e9 au d\u00e9partement d&rsquo;informatique de la Facult\u00e9 des Sciences et Technologies (FST) o\u00f9 j&rsquo;enseigne en licence d&rsquo;informatique. J&rsquo;enseigne \u00e9galement quelques cours en licence MIASHS et master TAL de l&rsquo;IDMC, ainsi qu&rsquo;en master Science du langage \u00e0 l&rsquo;UFR SHS. &nbsp; Enseignements Algorithmique et Programmation 1 (Licence maths-info 1, FST) M\u00e9thodologie de conception [&hellip;]<\/p>\n","protected":false},"author":1,"featured_media":0,"parent":0,"menu_order":0,"comment_status":"closed","ping_status":"closed","template":"","meta":{"footnotes":""},"class_list":["post-13","page","type-page","status-publish","hentry"],"_links":{"self":[{"href":"https:\/\/perso.atilf.fr\/mconstant\/wp-json\/wp\/v2\/pages\/13","targetHints":{"allow":["GET"]}}],"collection":[{"href":"https:\/\/perso.atilf.fr\/mconstant\/wp-json\/wp\/v2\/pages"}],"about":[{"href":"https:\/\/perso.atilf.fr\/mconstant\/wp-json\/wp\/v2\/types\/page"}],"author":[{"embeddable":true,"href":"https:\/\/perso.atilf.fr\/mconstant\/wp-json\/wp\/v2\/users\/1"}],"replies":[{"embeddable":true,"href":"https:\/\/perso.atilf.fr\/mconstant\/wp-json\/wp\/v2\/comments?post=13"}],"version-history":[{"count":14,"href":"https:\/\/perso.atilf.fr\/mconstant\/wp-json\/wp\/v2\/pages\/13\/revisions"}],"predecessor-version":[{"id":421,"href":"https:\/\/perso.atilf.fr\/mconstant\/wp-json\/wp\/v2\/pages\/13\/revisions\/421"}],"wp:attachment":[{"href":"https:\/\/perso.atilf.fr\/mconstant\/wp-json\/wp\/v2\/media?parent=13"}],"curies":[{"name":"wp","href":"https:\/\/api.w.org\/{rel}","templated":true}]}}