{"id":17,"date":"2015-06-29T13:43:37","date_gmt":"2015-06-29T12:43:37","guid":{"rendered":"https:\/\/apps.atilf.fr\/homepages\/mdeneire\/?page_id=17"},"modified":"2015-09-03T22:49:12","modified_gmt":"2015-09-03T21:49:12","slug":"publications","status":"publish","type":"page","link":"https:\/\/perso.atilf.fr\/mdeneire\/publications\/","title":{"rendered":"Publications"},"content":{"rendered":"<p><u>Ouvrage<\/u><\/p>\n<ul>\n<li>Une politique d\u2019assimilation\u00a0: <em>le fran\u00e7ais dans le Midwest am\u00e9ricain<\/em>.\u00a0 Paris\u00a0: Honor\u00e9 Champion, 1999.<\/li>\n<\/ul>\n<p><u>Articles et chapitres dans des revues et ouvrages avec comit\u00e9 de lecture<\/u><\/p>\n<ul>\n<li>\u201cHumor in the Language Classroom.\u201d\u00a0 <em>Humor. <\/em>8-3 (1995) .\u00a0 285-298.<\/li>\n<li>\u201cDemocratizing English as an International Language\u201d.\u00a0 <em>World Englishes, <\/em>12\/2., 1993.<\/li>\n<li>\u00a0\u201cA non-departmentalized approach to the teaching of Modern Languages: a case study\u201d. (avec Ciro Sandoval and Sandra Boschetto Sandoval)\u00a0 <em>The Canadian Modern Language Review<\/em>, 54\/2, 1998<\/li>\n<li>\u201cLe Fran\u00e7ais des affaires: Vers une th\u00e9orie de la pratique\u201d.\u00a0 <em>French Review, 1997<\/em><\/li>\n<li>Special issue <em>of World Englishes<\/em> on English in Europe (16\/1):\u00a0 Guest editor, introduction and selective bibliography. 1997<\/li>\n<li>\u201cA response to H. G. Widdowson&rsquo;s &lsquo;EIL, ESL, EFL: global issues and local interest\u201d. <em>World Englishes<\/em>, 17\/3, 1998.<\/li>\n<li>\u00a0\u201cA Quest for Language: Jack Kerouac as a Minor Author.\u201d\u00a0 <em>Studies in the Linguistic Sciences<\/em>, 31\/1, (2001): 253-267.<\/li>\n<li>(Avec Michael Segalla). \u201cMr. Christian Pierret, Secretary of State on French perspectives on organizational leadership and management.\u201d (entretien).\u00a0 <em>The Academy of Management Executive<\/em>, 16\/4 (2002): 25-31.<\/li>\n<li>\u201cLa vitalit\u00e9 ethnolinguistique des Italiens, Portugais et Polonais dans la r\u00e9gion nanc\u00e9enne.\u201d Dans\u00a0: Catherine Paulin (ed.)\u00a0 <em>Multiculturalisme, multilinguisme et milieu urbain<\/em>.\u00a0 Besan\u00e7on: Presses universitaires de Franche-Comt\u00e9, 2005<\/li>\n<li>\u201cEthnicit\u00e9 touristique et sites web\u201d. \u00a0Beniamino (dir.)\u00a0 <em>M\u00e9moires Francophones\u00a0: La Louisiane.<\/em>\u00a0 Limoges\u00a0: Presses Universitaires de Limoges, 2006.<\/li>\n<li>(Avec Philippe Castel, Alexandre Kurc, Marie-Fran\u00e7oise Lacassagne, et Christopher Leeds)\u201cUniversalism and Exceptionalism.\u00a0 French Business Leadership\u201d. <em>Global Business and Organisational Business Effectiveness\u00a0: an Anthology<\/em>.\u00a0 Sage, 2007, pp. 547-582.<\/li>\n<li>\u00a0\u201cEnglish in the French workplace: Realism and anxieties\u201d. <em>World Englishes<\/em>, 27\/2 (2008)\u00a0: 181-196.<\/li>\n<li>\u00a0\u201cCultures francophones et mondialisation\u00a0: le cas du fran\u00e7ais dans le Midwest \u00e9tats-unien. \u201d\u00a0 <em>Francophonies d\u2019Am\u00e9rique<\/em>. 26 (2008)\u00a0: 185-208.<\/li>\n<li>\u201cLe leadership en France: distance de pouvoir et valorisation humaine\u201d. <em>French Review<\/em>, 83\/4 (2010), 836-850.<\/li>\n<li>\u201cLangue et alt\u00e9rit\u00e9\u00a0: le cas de l\u2019anglais dans le monde de l\u2019entreprise\u201d \u00a0In L. Denooz &amp; S. Thi\u00e9blemont-Dollet (\u00c9ds),\u00a0<em>Le Moi et L\u2019Autre<\/em>,. Nancy : Presses universitaires de Nancy, pp. .<\/li>\n<li>\u201cL\u2019anglais en Europe\u00a0: World Englishes ou Lingua Franca\u201d In\u00a0: Jos\u00e9 Carlos Herreras,\u00a0\u00a0 <em>L\u2019Europe des 27 et ses langues<\/em>. 2012, 159-168.<\/li>\n<li>\u201cImages of English in the French Press.\u201d Sous Presse<\/li>\n<li>(Avec myriam Pereiro) \u201cHow do we teach English to French learners? Insight into French educational policy and practice.\u201d\u00a0 Soumis.<\/li>\n<\/ul>\n<p><u>Compte-rendus<\/u><\/p>\n<ul>\n<li>Lerat, Pierre (1995) <em>Les langues sp\u00e9cialis\u00e9es<\/em>. Paris: PUF. In: <em>Language. <\/em>Vol. 73\/3, pp.671-72.<\/li>\n<li>Stewart, John (1995) <em>Language as Articulate Contact<\/em>: Toward a Post-Semiotic Philosophy of Communication.\u00a0 New York: State University of New York.\u00a0 In <em>Language<\/em>. Vol.73\/3, pp. 673-75<\/li>\n<li>Paulston, Christina (1994) <em>Linguistic Minorities in Multilingual Settings. <\/em>In: <em>World Englishes. <\/em>14\/3.\u00a0 405-409.<\/li>\n<li>Truchot, Claude (1990). <em>L&rsquo;Anglais dans le monde contemporain.<\/em>In <em>World Englishes, <\/em>12\/2.<\/li>\n<li>Tollefson, James (1991). <em>Planning Language, Planning Inequality: Language Policy in the Community.\u00a0 <\/em>In <em>World Englishes,<\/em>11\/1.<\/li>\n<li>Flaitz, Jeffra (1988). The Ideology of English: French perceptions of English as a World Language<em>.\u00a0 <\/em>In <em>Studies in Second Language Acquisition<\/em>, 13\/3.<\/li>\n<li>Cummins, Jim (2000) Language, Power, and Pedagogy: Bilingual Children in the Crossfire. Multilingual Matters. The Linguist List: <a href=\"http:\/\/www.linguistlist.org\/issues\/12\/12-2551.html\">http:\/\/www.linguistlist.org\/issues\/12\/12-2551.html<\/a>, 2001<\/li>\n<li>Sylvia LE BARS<strong>. <\/strong>Sylvia<strong>.<\/strong> <em>Le Conflit linguistique aux Etats-Unis.<\/em> Rennes : Presses Universitaires de Rennes, 2001. Transatlantica: <a href=\"http:\/\/etudes.americaines.free.fr\/TRANSATLANTICA\/CR\/lebars.html\">http:\/\/etudes.americaines.free.fr\/TRANSATLANTICA\/CR\/lebars.html<\/a>, 2003<\/li>\n<li>Le Menestrel, Sara. La Voie des Cadiens\u00a0: Tourisme et identit\u00e9 en Louisiane. Paris\u00a0: Belin, 1999.\u00a0 In <em>Etudes Anglaises<\/em>, 56\/2, 2003.<\/li>\n<li>Fosberg, Fanny (2008)\u00a0 Le langage pr\u00e9fabriqu\u00e9 en fran\u00e7ais L2\u00a0: Etude acquisitionnelle et comparative.\u00a0 <em>Studies in Second Language Acquisition<\/em>, 20\/2. 268-270.<\/li>\n<li>Vera Regan &amp; Caitr\u00edona N\u00ed Chasaide(eds).<em> (2009) <\/em>Language Practices and Identity Construction by Multilingual Speakers of French L2: The Acquisition of Sociostylistic Variation.\u00a0 Oxford: Peter Lang, 2009, Pp. xii + 177.<\/li>\n<li>Annick De Houwer and Antje Wilton\u00a0(eds) (2011) <em>English in Europe Today<\/em>.\u00a0 John Benjamin, available at: \u201c<a href=\"http:\/\/linguistlist.org\/issues\/22\/22-868.html\">http:\/\/linguistlist.org\/issues\/22\/22-868.html<\/a>\u00a0\u00bb.<\/li>\n<li>Ludbrook, Geraldine and David Newbold (Eds) (2012) <em>English Lingua Franca: Contexts, Strategies and International Relations<\/em>.\u00a0 Venezia, Italy: Cafoscarina, 134 p.<\/li>\n<\/ul>\n","protected":false},"excerpt":{"rendered":"<p>Ouvrage Une politique d\u2019assimilation\u00a0: le fran\u00e7ais dans le Midwest am\u00e9ricain.\u00a0 Paris\u00a0: Honor\u00e9 Champion, 1999. Articles et chapitres dans des revues et ouvrages avec comit\u00e9 de lecture \u201cHumor in the Language Classroom.\u201d\u00a0 Humor. 8-3 (1995) .\u00a0 285-298. \u201cDemocratizing English as an &hellip; <a href=\"https:\/\/perso.atilf.fr\/mdeneire\/publications\/\">Continuer la lecture <span class=\"meta-nav\">&rarr;<\/span><\/a><\/p>\n","protected":false},"author":1,"featured_media":0,"parent":0,"menu_order":0,"comment_status":"closed","ping_status":"closed","template":"","meta":{"footnotes":""},"class_list":["post-17","page","type-page","status-publish","hentry"],"_links":{"self":[{"href":"https:\/\/perso.atilf.fr\/mdeneire\/wp-json\/wp\/v2\/pages\/17","targetHints":{"allow":["GET"]}}],"collection":[{"href":"https:\/\/perso.atilf.fr\/mdeneire\/wp-json\/wp\/v2\/pages"}],"about":[{"href":"https:\/\/perso.atilf.fr\/mdeneire\/wp-json\/wp\/v2\/types\/page"}],"author":[{"embeddable":true,"href":"https:\/\/perso.atilf.fr\/mdeneire\/wp-json\/wp\/v2\/users\/1"}],"replies":[{"embeddable":true,"href":"https:\/\/perso.atilf.fr\/mdeneire\/wp-json\/wp\/v2\/comments?post=17"}],"version-history":[{"count":7,"href":"https:\/\/perso.atilf.fr\/mdeneire\/wp-json\/wp\/v2\/pages\/17\/revisions"}],"predecessor-version":[{"id":192,"href":"https:\/\/perso.atilf.fr\/mdeneire\/wp-json\/wp\/v2\/pages\/17\/revisions\/192"}],"wp:attachment":[{"href":"https:\/\/perso.atilf.fr\/mdeneire\/wp-json\/wp\/v2\/media?parent=17"}],"curies":[{"name":"wp","href":"https:\/\/api.w.org\/{rel}","templated":true}]}}