{"id":23,"date":"2015-06-29T13:44:14","date_gmt":"2015-06-29T12:44:14","guid":{"rendered":"https:\/\/apps.atilf.fr\/homepages\/cmelende\/?page_id=23"},"modified":"2026-02-02T15:14:38","modified_gmt":"2026-02-02T14:14:38","slug":"cv","status":"publish","type":"page","link":"https:\/\/perso.atilf.fr\/melendez\/cv\/","title":{"rendered":"Exp\u00e9rience professionnelle"},"content":{"rendered":"<p>&#8211; <em>Ma\u00eetre de Conf\u00e9rences<\/em>, Hors Classe, en section 14<sup>\u00e8me<\/sup> (Espagnol). Actuellement b\u00e9n\u00e9ficiaire de la prime individuelle C3 RIPEC pour la p\u00e9riode 2025-2028.<\/p>\n<p>En poste, depuis le 1<sup>er<\/sup> septembre 2010.<\/p>\n<p>Insp\u00e9 de Lorraine (Universit\u00e9 de Lorraine), depuis le 1er septembre 2019;<\/p>\n<p>Esp\u00e9 de Lorraine (Universit\u00e9 de Lorraine), du 1<sup>er<\/sup> septembre 2013 au 21 ao\u00fbt 2018 ;<\/p>\n<p>IUFM de Lorraine (Universit\u00e9 de Lorraine), du 1<sup>er<\/sup> janvier 2012 au 31 ao\u00fbt 2013\u00a0;<\/p>\n<p>IUFM de Lorraine (Universit\u00e9 Henri Poincar\u00e9-Nancy 1), du 1<sup>er<\/sup> septembre 2010 au 31 d\u00e9cembre 2011.<\/p>\n<p>&nbsp;<\/p>\n<p>&#8211; Examinateur du <em>Certificat des Comp\u00e9tences en Langues de l\u2019Enseignement Sup\u00e9rieur<\/em> (CLES B1 Espagnol et CLES B2 Espagnol). P\u00e9riode 2011-2015 et 2021-2026.<\/p>\n<p>&nbsp;<\/p>\n<p>&#8211; Examinateur des <em>Dipl\u00f4mes d\u2019Espagnol Langue \u00c9trang\u00e8re<\/em> (DELE B1, B2, C1, C2) de l\u2019Institut Cervant\u00e8s.<\/p>\n<p>Ann\u00e9es 2009, 2012-2026.<\/p>\n<p>&nbsp;<\/p>\n<p>&#8211; <em>Attach\u00e9 Temporaire d\u2019Enseignement et de Recherche<\/em> (A.T.E.R.).<\/p>\n<p>UFR d\u2019\u00c9tudes Romanes, Slaves et Orientales &#8211; Universit\u00e9 Charles de Gaulle (Lille 3). Du 1<sup>er <\/sup> octobre 2009 au 31 ao\u00fbt 2010.<\/p>\n<p>&nbsp;<\/p>\n<p>&#8211; <em>Ma\u00eetre de Langue \u00e9trang\u00e8re<\/em> (Espagnol).<\/p>\n<p>UFR d\u2019\u00c9tudes Ib\u00e9riques et Latino-Am\u00e9ricaines &#8211; Universit\u00e9 Paris-Sorbonne (Paris IV). Du 1<sup>er <\/sup> octobre 2007 au 30 septembre 2009.<\/p>\n<p>&nbsp;<\/p>\n<p>&#8211; <em>Enseignant Vacataire<\/em> (Espagnol).<\/p>\n<p>Institut Universitaire de Technologie de Sceaux &#8211; Universit\u00e9 Paris-Sud 11. Ann\u00e9e universitaire 2008-2009.<\/p>\n<p>&nbsp;<\/p>\n<p>&#8211; <em>Personnel Enseignant-Chercheur<\/em>.<\/p>\n<p>D\u00e9partement de Linguistique G\u00e9n\u00e9rale et Hispanique &#8211; Universit\u00e9 de Saragosse. Du 15 janvier 2003 au 31 d\u00e9cembre 2006.<\/p>\n<p>&nbsp;<\/p>\n","protected":false},"excerpt":{"rendered":"<p>&#8211; Ma\u00eetre de Conf\u00e9rences, Hors Classe, en section 14\u00e8me (Espagnol). Actuellement b\u00e9n\u00e9ficiaire de la prime individuelle C3 RIPEC pour la p\u00e9riode 2025-2028. En poste, depuis le 1er septembre 2010. Insp\u00e9 de Lorraine (Universit\u00e9 de Lorraine), depuis le 1er septembre 2019; Esp\u00e9 de Lorraine (Universit\u00e9 de Lorraine), du 1er septembre 2013 au 21 ao\u00fbt 2018 ; [&hellip;]<\/p>\n","protected":false},"author":1,"featured_media":0,"parent":0,"menu_order":0,"comment_status":"closed","ping_status":"closed","template":"","meta":{"footnotes":""},"class_list":["post-23","page","type-page","status-publish","hentry"],"_links":{"self":[{"href":"https:\/\/perso.atilf.fr\/melendez\/wp-json\/wp\/v2\/pages\/23","targetHints":{"allow":["GET"]}}],"collection":[{"href":"https:\/\/perso.atilf.fr\/melendez\/wp-json\/wp\/v2\/pages"}],"about":[{"href":"https:\/\/perso.atilf.fr\/melendez\/wp-json\/wp\/v2\/types\/page"}],"author":[{"embeddable":true,"href":"https:\/\/perso.atilf.fr\/melendez\/wp-json\/wp\/v2\/users\/1"}],"replies":[{"embeddable":true,"href":"https:\/\/perso.atilf.fr\/melendez\/wp-json\/wp\/v2\/comments?post=23"}],"version-history":[{"count":18,"href":"https:\/\/perso.atilf.fr\/melendez\/wp-json\/wp\/v2\/pages\/23\/revisions"}],"predecessor-version":[{"id":494,"href":"https:\/\/perso.atilf.fr\/melendez\/wp-json\/wp\/v2\/pages\/23\/revisions\/494"}],"wp:attachment":[{"href":"https:\/\/perso.atilf.fr\/melendez\/wp-json\/wp\/v2\/media?parent=23"}],"curies":[{"name":"wp","href":"https:\/\/api.w.org\/{rel}","templated":true}]}}