{"id":35,"date":"2015-06-29T13:47:31","date_gmt":"2015-06-29T12:47:31","guid":{"rendered":"https:\/\/apps.atilf.fr\/homepages\/cmelende\/?page_id=35"},"modified":"2023-06-14T14:53:32","modified_gmt":"2023-06-14T13:53:32","slug":"accueil","status":"publish","type":"page","link":"https:\/\/perso.atilf.fr\/melendez\/","title":{"rendered":"Accueil"},"content":{"rendered":"<p style=\"text-align: left\"><span style=\"text-decoration: underline\"><strong>Fonctions<br \/>\n<\/strong><\/span><\/p>\n\n<table id=\"tablepress-3\" class=\"tablepress tablepress-id-3\">\n<tbody class=\"row-striping row-hover\">\n<tr class=\"row-1\">\n\t<td class=\"column-1\"><\/td><td class=\"column-2\">Ma\u00eetre de conf\u00e9rences hors classe (Universit\u00e9 de Lorraine: INSP\u00c9 de l'Acad\u00e9mie de Nancy-Metz)<br \/>\nSection 14\u00e8me - Langues et litt\u00e9ratures romanes (Espagnol)<br \/>\nQualifi\u00e9 en sections 7\u00e8me (Sciences du langage: linguistique et phon\u00e9tique g\u00e9n\u00e9rales) et 14\u00e8me (Langues et litt\u00e9ratures romanes: espagnol)<\/td>\n<\/tr>\n<\/tbody>\n<\/table>\n<!-- #tablepress-3 from cache -->\n<p><span style=\"text-decoration: underline\"><strong>Coordonn\u00e9es au laboratoire ATILF<\/strong><\/span><\/p>\n\n<table id=\"tablepress-4\" class=\"tablepress tablepress-id-4\">\n<tbody class=\"row-striping\">\n<tr class=\"row-1\">\n\t<td class=\"column-1\">Axe<\/td><td class=\"column-2\">De la syntaxe au discours<\/td>\n<\/tr>\n<tr class=\"row-2\">\n\t<td class=\"column-1\">Groupe de recherche<\/td><td class=\"column-2\">Marqueurs du discours<\/td>\n<\/tr>\n<tr class=\"row-3\">\n\t<td class=\"column-1\">Courriel<\/td><td class=\"column-2\">carlos.melendez@univ-lorraine.fr<\/td>\n<\/tr>\n<tr class=\"row-4\">\n\t<td class=\"column-1\">Adresse<\/td><td class=\"column-2\">ATILF (CNRS &amp; Universit\u00e9 de Lorraine) <br \/>\n44, avenue de la Lib\u00e9ration <br \/>\nB.P. 30687 <br \/>\n54063 Nancy Cedex<\/td>\n<\/tr>\n<\/tbody>\n<\/table>\n<!-- #tablepress-4 from cache -->\n<p>&nbsp;<\/p>\n","protected":false},"excerpt":{"rendered":"<p>Fonctions Coordonn\u00e9es au laboratoire ATILF &nbsp;<\/p>\n","protected":false},"author":1,"featured_media":0,"parent":0,"menu_order":0,"comment_status":"closed","ping_status":"closed","template":"","meta":{"footnotes":""},"class_list":["post-35","page","type-page","status-publish","hentry"],"_links":{"self":[{"href":"https:\/\/perso.atilf.fr\/melendez\/wp-json\/wp\/v2\/pages\/35","targetHints":{"allow":["GET"]}}],"collection":[{"href":"https:\/\/perso.atilf.fr\/melendez\/wp-json\/wp\/v2\/pages"}],"about":[{"href":"https:\/\/perso.atilf.fr\/melendez\/wp-json\/wp\/v2\/types\/page"}],"author":[{"embeddable":true,"href":"https:\/\/perso.atilf.fr\/melendez\/wp-json\/wp\/v2\/users\/1"}],"replies":[{"embeddable":true,"href":"https:\/\/perso.atilf.fr\/melendez\/wp-json\/wp\/v2\/comments?post=35"}],"version-history":[{"count":40,"href":"https:\/\/perso.atilf.fr\/melendez\/wp-json\/wp\/v2\/pages\/35\/revisions"}],"predecessor-version":[{"id":245,"href":"https:\/\/perso.atilf.fr\/melendez\/wp-json\/wp\/v2\/pages\/35\/revisions\/245"}],"wp:attachment":[{"href":"https:\/\/perso.atilf.fr\/melendez\/wp-json\/wp\/v2\/media?parent=35"}],"curies":[{"name":"wp","href":"https:\/\/api.w.org\/{rel}","templated":true}]}}