{"id":17,"date":"2015-06-29T13:43:37","date_gmt":"2015-06-29T12:43:37","guid":{"rendered":"https:\/\/apps.atilf.fr\/homepages\/mhusiany\/?page_id=17"},"modified":"2020-09-14T18:34:27","modified_gmt":"2020-09-14T17:34:27","slug":"publications","status":"publish","type":"page","link":"https:\/\/perso.atilf.fr\/mhusiany\/publications\/","title":{"rendered":"Publications"},"content":{"rendered":"<p><span style=\"text-decoration: underline\"><strong>Articles<\/strong><\/span><\/p>\n<p><strong>A paraitre :<\/strong><\/p>\n<p>E. Canut, J. Delahaie, M.Husianycia. \u00ab\u00a0<em>Vous avez dit FALC ? Pour une adaptation linguistique des textes destin\u00e9s aux migrants nouvellement arriv\u00e9s<\/em>\u00ab\u00a0, <i>Langage et Soci\u00e9t\u00e9.<\/i><\/p>\n<p>E. Canut, C. Masson, M. Husianycia. \u00ab\u00a0<em>Une linguistique impliqu\u00e9e en acquisition du langage ? De la question du transfert de l\u2019expertise du chercheur au professionnel de l\u2019\u00e9ducation\u00a0\u00bb,<\/em>\u00a0<i>\u00c9tudes de linguistique appliqu\u00e9e : revue de didactologie des langues-cultures.<\/i><\/p>\n<p><strong>2018<\/strong> <em>Husianycia M., \u00ab D\u00e9marche de didactique professionnelle : exemple de la conception d\u2019un lexique sp\u00e9cifique des m\u00e9tiers de la propret\u00e9 \u00bb<\/em>, Revue <em>Le Langage et l\u2019Homme<\/em> n\u00b0532.<\/p>\n<p><b>2013 <\/b><i>Husianycia M., \u00ab\u00a0S\u00e9quentialit\u00e9 et type linguistique : deux notions revisit\u00e9es pour la caract\u00e9risation de types de discours au travail\u00a0\u00bb<\/i>, Les Cahiers de l&rsquo;AFLS<br \/>\n<b>2013<\/b> <i>Husianycia M., \u00ab\u00a0\u00ab Genre \u00bb ou \u00ab type \u00bb de discours ? Une dimension \u00e0 explorer pour l\u2019\u00e9tude du langage dans des situations de travail\u00a0\u00bb<\/i>, revue PRATIQUES n\u00b0157\/158<br \/>\n<b>2008<\/b> <i>Husianycia M., \u00ab\u00a0Logiciels pour le traitement de corpus oraux en fran\u00e7ais\u00a0\u00bb<\/i>, Revue Acquisition du Langage Oral et Ecrit, n\u00b0 60-61<br \/>\n<b>2008<\/b> <i>Husianycia M., Bertin T. et Debaisieux J.-M. (coordonn\u00e9 par), \u00ab\u00a0Corpus oraux : recueil et analyse de donn\u00e9es\u00a0\u00bb<\/i>, revue Verbum n\u00b04, Tome XXX<\/p>\n<p>&nbsp;<\/p>\n<p><strong><u>Collaboration \u00e0 la r\u00e9daction d\u2019un ouvrage<\/u><\/strong><\/p>\n<p>Canut E. et Guillou M., 2017. <em>Pratiquer la dict\u00e9e \u00e0 l\u2019adulte. De l\u2019oral vers l\u2019\u00e9crit,<\/em> Editions Retz.<\/p>\n<p>&nbsp;<\/p>\n<p><span style=\"text-decoration: underline\"><strong>Valorisation de la Recherche<br \/>\n<\/strong><\/span><\/p>\n<p><b>2013<\/b> <i>Adami H., Andr\u00e9 V., Husianycia M. et Poncet F.<\/i>, Les mots clefs des m\u00e9tiers de la Propret\u00e9, 2013 en collaboration avec OPCALIA Propret\u00e9. <a href=\"http:\/\/www.ressources-pedagogiques-proprete.com\/lexique\/index.php\">http:\/\/www.ressources-pedagogiques-proprete.com\/lexique\/index.php<\/a><br \/>\n<b>2013<\/b> <i>Husianycia M.<\/i>, Lexique des m\u00e9tiers de la Propret\u00e9 : rapport concernant le travail de terrain. Universit\u00e9 de Lorraine.<br \/>\n<b>2009<\/b> <i>Adami H., Andr\u00e9 V., Husianycia M. et Poncet F.<\/i>, R\u00e9f\u00e9rentiel d\u2019\u00e9valuation linguistique pour les demandeurs d\u2019emploi des m\u00e9tiers de la propret\u00e9, en collaboration avec le FAF Propret\u00e9.<br \/>\n<b>2008<\/b> <i>Adami H., Andr\u00e9 V., Husianycia M. et Poncet F.<\/i>, R\u00e9f\u00e9rentiel d\u2019\u00e9valuation linguistique pour les m\u00e9tiers de la propret\u00e9, en collaboration avec le FAF Propret\u00e9.<\/p>\n<p>&nbsp;<\/p>\n","protected":false},"excerpt":{"rendered":"<p>Articles A paraitre : E. Canut, J. Delahaie, M.Husianycia. \u00ab\u00a0Vous avez dit FALC ? Pour une adaptation linguistique des textes destin\u00e9s aux migrants nouvellement arriv\u00e9s\u00ab\u00a0, Langage et Soci\u00e9t\u00e9. E. Canut, C. Masson, M. Husianycia. \u00ab\u00a0Une linguistique impliqu\u00e9e en acquisition du langage ? De la question du transfert de l\u2019expertise du chercheur au professionnel de l\u2019\u00e9ducation\u00a0\u00bb,\u00a0\u00c9tudes [&hellip;]<\/p>\n","protected":false},"author":1,"featured_media":0,"parent":0,"menu_order":0,"comment_status":"closed","ping_status":"closed","template":"","meta":{"footnotes":""},"class_list":["post-17","page","type-page","status-publish","hentry"],"_links":{"self":[{"href":"https:\/\/perso.atilf.fr\/mhusiany\/wp-json\/wp\/v2\/pages\/17","targetHints":{"allow":["GET"]}}],"collection":[{"href":"https:\/\/perso.atilf.fr\/mhusiany\/wp-json\/wp\/v2\/pages"}],"about":[{"href":"https:\/\/perso.atilf.fr\/mhusiany\/wp-json\/wp\/v2\/types\/page"}],"author":[{"embeddable":true,"href":"https:\/\/perso.atilf.fr\/mhusiany\/wp-json\/wp\/v2\/users\/1"}],"replies":[{"embeddable":true,"href":"https:\/\/perso.atilf.fr\/mhusiany\/wp-json\/wp\/v2\/comments?post=17"}],"version-history":[{"count":12,"href":"https:\/\/perso.atilf.fr\/mhusiany\/wp-json\/wp\/v2\/pages\/17\/revisions"}],"predecessor-version":[{"id":279,"href":"https:\/\/perso.atilf.fr\/mhusiany\/wp-json\/wp\/v2\/pages\/17\/revisions\/279"}],"wp:attachment":[{"href":"https:\/\/perso.atilf.fr\/mhusiany\/wp-json\/wp\/v2\/media?parent=17"}],"curies":[{"name":"wp","href":"https:\/\/api.w.org\/{rel}","templated":true}]}}