{"id":13,"date":"2015-06-29T13:43:15","date_gmt":"2015-06-29T12:43:15","guid":{"rendered":"https:\/\/apps.atilf.fr\/homepages\/?page_id=13"},"modified":"2024-10-15T16:02:44","modified_gmt":"2024-10-15T15:02:44","slug":"enseignement","status":"publish","type":"page","link":"https:\/\/perso.atilf.fr\/msillaire\/enseignement\/","title":{"rendered":"Enseignement"},"content":{"rendered":"<p><span style=\"text-decoration: underline\"><strong>Enseignements<\/strong><\/span><\/p>\n<ul>\n<li><strong>L&rsquo;art des mots : \u00e0 la d\u00e9couverte de la langue fran\u00e7aise<\/strong> (2023\/2024) pour la licence de Lettres Modernes \u00e0 l&rsquo;UFR ALL, Nancy\n<ul>\n<li>public : \u00e9tudiants de L1 non sp\u00e9cialistes<\/li>\n<li>CM et TD<\/li>\n<\/ul>\n<\/li>\n<\/ul>\n<ul>\n<li><strong>Introduction \u00e0 la linguistique<\/strong> (2023\/2024), pour la licence Math\u00e9matiques et Informatique Appliqu\u00e9es aux Sciences Humaines et Sociales \u00e0 l&rsquo;IDMC, Nancy.\n<ul>\n<li>public : \u00e9tudiants de L2<\/li>\n<li>CM et TD<\/li>\n<\/ul>\n<\/li>\n<\/ul>\n<p>&nbsp;<\/p>\n","protected":false},"excerpt":{"rendered":"<p>Enseignements L&rsquo;art des mots : \u00e0 la d\u00e9couverte de la langue fran\u00e7aise (2023\/2024) pour la licence de Lettres Modernes \u00e0 l&rsquo;UFR ALL, Nancy public : \u00e9tudiants de L1 non sp\u00e9cialistes CM et TD Introduction \u00e0 la linguistique (2023\/2024), pour la licence Math\u00e9matiques et Informatique Appliqu\u00e9es aux Sciences Humaines et Sociales \u00e0 l&rsquo;IDMC, Nancy. public : [&hellip;]<\/p>\n","protected":false},"author":1,"featured_media":0,"parent":0,"menu_order":0,"comment_status":"closed","ping_status":"closed","template":"","meta":{"footnotes":""},"class_list":["post-13","page","type-page","status-publish","hentry"],"_links":{"self":[{"href":"https:\/\/perso.atilf.fr\/msillaire\/wp-json\/wp\/v2\/pages\/13","targetHints":{"allow":["GET"]}}],"collection":[{"href":"https:\/\/perso.atilf.fr\/msillaire\/wp-json\/wp\/v2\/pages"}],"about":[{"href":"https:\/\/perso.atilf.fr\/msillaire\/wp-json\/wp\/v2\/types\/page"}],"author":[{"embeddable":true,"href":"https:\/\/perso.atilf.fr\/msillaire\/wp-json\/wp\/v2\/users\/1"}],"replies":[{"embeddable":true,"href":"https:\/\/perso.atilf.fr\/msillaire\/wp-json\/wp\/v2\/comments?post=13"}],"version-history":[{"count":9,"href":"https:\/\/perso.atilf.fr\/msillaire\/wp-json\/wp\/v2\/pages\/13\/revisions"}],"predecessor-version":[{"id":370,"href":"https:\/\/perso.atilf.fr\/msillaire\/wp-json\/wp\/v2\/pages\/13\/revisions\/370"}],"wp:attachment":[{"href":"https:\/\/perso.atilf.fr\/msillaire\/wp-json\/wp\/v2\/media?parent=13"}],"curies":[{"name":"wp","href":"https:\/\/api.w.org\/{rel}","templated":true}]}}

<p><span style="text-decoration: underline"><strong>Enseignements</strong></span></p>
<ul>
<li><strong>L&rsquo;art des mots : à la découverte de la langue française</strong> (2023/2024) pour la licence de Lettres Modernes à l&rsquo;UFR ALL, Nancy
<ul>
<li>public : étudiants de L1 non spécialistes</li>
<li>CM et TD</li>
</ul>
</li>
</ul>
<ul>
<li><strong>Introduction à la linguistique</strong> (2023/2024), pour la licence Mathématiques et Informatique Appliquées aux Sciences Humaines et Sociales à l&rsquo;IDMC, Nancy.
<ul>
<li>public : étudiants de L2</li>
<li>CM et TD</li>
</ul>
</li>
</ul>
<p>&nbsp;</p>

<p>Enseignements L&rsquo;art des mots : à la découverte de la langue française (2023/2024) pour la licence de Lettres Modernes à l&rsquo;UFR ALL, Nancy public : étudiants de L1 non spécialistes CM et TD Introduction à la linguistique (2023/2024), pour la licence Mathématiques et Informatique Appliquées aux Sciences Humaines et Sociales à l&rsquo;IDMC, Nancy. public : [&hellip;]</p>
