{"id":25,"date":"2015-06-29T13:45:00","date_gmt":"2015-06-29T12:45:00","guid":{"rendered":"https:\/\/apps.atilf.fr\/homepages\/?page_id=25"},"modified":"2024-10-15T15:56:07","modified_gmt":"2024-10-15T14:56:07","slug":"recherche","status":"publish","type":"page","link":"https:\/\/perso.atilf.fr\/msillaire\/recherche\/","title":{"rendered":"Recherche"},"content":{"rendered":"<h4><strong><span style=\"text-decoration: underline\">Projet de th\u00e8se<\/span><\/strong><\/h4>\n<h1 class=\"\" style=\"text-align: center\" data-v-d290f8ce=\"\">La concession du quotidien :<\/h1>\n<h1 class=\"\" style=\"text-align: center\" data-v-d290f8ce=\"\">Probl\u00e9matiques descriptive et cognitive<\/h1>\n<p>&nbsp;<\/p>\n<p>L&rsquo;objectif de la th\u00e8se est d&rsquo;\u00e9tudier la concession, en fran\u00e7ais, dans la langue du quotidien. Une premi\u00e8re perspective s\u00e9mantique permettra la mod\u00e9lisation et l&rsquo;analyse de ce ph\u00e9nom\u00e8ne \u00e0 partir d&rsquo;occurrences extraites de corpus. La seconde perspective, empirique, permettra l&rsquo;\u00e9tablissement d&rsquo;une base de donn\u00e9es de concession annot\u00e9es, et l&rsquo;\u00e9tude de certains m\u00e9canismes cognitifs relatifs au traitement de la concession \u00e0 l&rsquo;aide d&rsquo;exp\u00e9riences outill\u00e9es en EEG et en eye-tracking.<\/p>\n<p>&nbsp;<\/p>\n<p>Direction de th\u00e8se :\u00a0Mathilde Dargnat (CNRS &amp; UL)<\/p>\n<p>Co-direction : Gr\u00e9goire Winterstein (UQAM)<\/p>\n","protected":false},"excerpt":{"rendered":"<p>Projet de th\u00e8se La concession du quotidien : Probl\u00e9matiques descriptive et cognitive &nbsp; L&rsquo;objectif de la th\u00e8se est d&rsquo;\u00e9tudier la concession, en fran\u00e7ais, dans la langue du quotidien. Une premi\u00e8re perspective s\u00e9mantique permettra la mod\u00e9lisation et l&rsquo;analyse de ce ph\u00e9nom\u00e8ne \u00e0 partir d&rsquo;occurrences extraites de corpus. La seconde perspective, empirique, permettra l&rsquo;\u00e9tablissement d&rsquo;une base de [&hellip;]<\/p>\n","protected":false},"author":1,"featured_media":0,"parent":0,"menu_order":0,"comment_status":"closed","ping_status":"closed","template":"","meta":{"footnotes":""},"class_list":["post-25","page","type-page","status-publish","hentry"],"_links":{"self":[{"href":"https:\/\/perso.atilf.fr\/msillaire\/wp-json\/wp\/v2\/pages\/25","targetHints":{"allow":["GET"]}}],"collection":[{"href":"https:\/\/perso.atilf.fr\/msillaire\/wp-json\/wp\/v2\/pages"}],"about":[{"href":"https:\/\/perso.atilf.fr\/msillaire\/wp-json\/wp\/v2\/types\/page"}],"author":[{"embeddable":true,"href":"https:\/\/perso.atilf.fr\/msillaire\/wp-json\/wp\/v2\/users\/1"}],"replies":[{"embeddable":true,"href":"https:\/\/perso.atilf.fr\/msillaire\/wp-json\/wp\/v2\/comments?post=25"}],"version-history":[{"count":8,"href":"https:\/\/perso.atilf.fr\/msillaire\/wp-json\/wp\/v2\/pages\/25\/revisions"}],"predecessor-version":[{"id":368,"href":"https:\/\/perso.atilf.fr\/msillaire\/wp-json\/wp\/v2\/pages\/25\/revisions\/368"}],"wp:attachment":[{"href":"https:\/\/perso.atilf.fr\/msillaire\/wp-json\/wp\/v2\/media?parent=25"}],"curies":[{"name":"wp","href":"https:\/\/api.w.org\/{rel}","templated":true}]}}

<h4><strong><span style="text-decoration: underline">Projet de thèse</span></strong></h4>
<h1 class="" style="text-align: center" data-v-d290f8ce="">La concession du quotidien :</h1>
<h1 class="" style="text-align: center" data-v-d290f8ce="">Problématiques descriptive et cognitive</h1>
<p>&nbsp;</p>
<p>L&rsquo;objectif de la thèse est d&rsquo;étudier la concession, en français, dans la langue du quotidien. Une première perspective sémantique permettra la modélisation et l&rsquo;analyse de ce phénomène à partir d&rsquo;occurrences extraites de corpus. La seconde perspective, empirique, permettra l&rsquo;établissement d&rsquo;une base de données de concession annotées, et l&rsquo;étude de certains mécanismes cognitifs relatifs au traitement de la concession à l&rsquo;aide d&rsquo;expériences outillées en EEG et en eye-tracking.</p>
<p>&nbsp;</p>
<p>Direction de thèse : Mathilde Dargnat (CNRS &amp; UL)</p>
<p>Co-direction : Grégoire Winterstein (UQAM)</p>

<p>Projet de thèse La concession du quotidien : Problématiques descriptive et cognitive &nbsp; L&rsquo;objectif de la thèse est d&rsquo;étudier la concession, en français, dans la langue du quotidien. Une première perspective sémantique permettra la modélisation et l&rsquo;analyse de ce phénomène à partir d&rsquo;occurrences extraites de corpus. La seconde perspective, empirique, permettra l&rsquo;établissement d&rsquo;une base de [&hellip;]</p>
