{"id":13,"date":"2015-06-29T13:43:15","date_gmt":"2015-06-29T12:43:15","guid":{"rendered":"https:\/\/apps.atilf.fr\/homepages\/?page_id=13"},"modified":"2025-09-13T14:27:31","modified_gmt":"2025-09-13T13:27:31","slug":"enseignement","status":"publish","type":"page","link":"https:\/\/perso.atilf.fr\/pgillet\/enseignement\/","title":{"rendered":"Enseignements"},"content":{"rendered":"<h5 style=\"text-align: center\"><span style=\"color: #008080\"><strong>Sciences du langage<\/strong><\/span><\/h5>\n<ul>\n<li>\n<h5>L1 Sciences du langage &#8211; <strong>M\u00e9thodologie du travail universitaire et recherche documentaire<\/strong> <em>(2020-2021\/2021-2022) (12h TD)<\/em><\/h5>\n<\/li>\n<li>\n<h5>L1 Sciences du langage &#8211; <b>Grammaire<\/b>\u00a0<em>(2022-2023\/2023-2024) (24h TD)<\/em><\/h5>\n<\/li>\n<li>\n<h5>L1 Sciences du langage &#8211; <strong>Initiation aux Sciences du langage<\/strong> (UE mineure) <em>(2020-2021\/2021-2022) (6h CM)<\/em><\/h5>\n<\/li>\n<li>\n<h5>L1 Sciences du langage &#8211; <b>Linguistique appliqu\u00e9e<\/b> (UE mineure) <em>(2022-2023) (4h CM)<\/em><\/h5>\n<\/li>\n<li>\n<h5>L2 Sciences du langage &#8211; <strong>Du mot \u00e0 la phrase<\/strong> <em>(2021-2022\/2022-2023) (12h CM)<\/em><\/h5>\n<\/li>\n<li>\n<h5>L3 Sciences du langage &#8211; <strong>Acquisition du langage \u00e0 l&rsquo;\u00e9cole<\/strong>\u00a0<em>(2023-2024) (12h TD)<\/em><\/h5>\n<\/li>\n<\/ul>\n<h5><\/h5>\n<p>&nbsp;<\/p>\n<h5 style=\"text-align: center\"><span style=\"color: #008080\"><strong>Lettres Modernes<\/strong><\/span><\/h5>\n<ul>\n<li>\n<h5>L1 Lettres Modernes &#8211; <strong>L&rsquo;art des mots : \u00e0 la d\u00e9couverte de la langue fran\u00e7aise<\/strong>\u00a0(UE mineure) <em>(2021-2022) (12h TD)<\/em><\/h5>\n<\/li>\n<li>\n<h5>L2 Lettres Modernes &#8211; <strong>Enseigner la grammaire\u00a0: <em>Comment\u00a0? Pourquoi <\/em>et<em> pour qui\u00a0?<\/em><\/strong> <em>(2020-2021) (12h CM + 12h TD)<\/em><\/h5>\n<\/li>\n<\/ul>\n<h5><\/h5>\n<p>&nbsp;<\/p>\n<h5 style=\"text-align: center\"><span style=\"color: #008080\"><strong>Orthophonie<\/strong><\/span><\/h5>\n<ul>\n<li>\n<h5>L2 Orthophonie &#8211; <strong>D\u00e9veloppement du langage et acquisition<\/strong> <em>(2022-2023) (6h CM + 6hTD)<\/em><\/h5>\n<\/li>\n<\/ul>\n<h5 align=\"justify\"><\/h5>\n","protected":false},"excerpt":{"rendered":"<p>Sciences du langage L1 Sciences du langage &#8211; M\u00e9thodologie du travail universitaire et recherche documentaire (2020-2021\/2021-2022) (12h TD) L1 Sciences du langage &#8211; Grammaire\u00a0(2022-2023\/2023-2024) (24h TD) L1 Sciences du langage &#8211; Initiation aux Sciences du langage (UE mineure) (2020-2021\/2021-2022) (6h CM) L1 Sciences du langage &#8211; Linguistique appliqu\u00e9e (UE mineure) (2022-2023) (4h CM) L2 Sciences [&hellip;]<\/p>\n","protected":false},"author":1,"featured_media":0,"parent":0,"menu_order":0,"comment_status":"closed","ping_status":"closed","template":"","meta":{"footnotes":""},"class_list":["post-13","page","type-page","status-publish","hentry"],"_links":{"self":[{"href":"https:\/\/perso.atilf.fr\/pgillet\/wp-json\/wp\/v2\/pages\/13","targetHints":{"allow":["GET"]}}],"collection":[{"href":"https:\/\/perso.atilf.fr\/pgillet\/wp-json\/wp\/v2\/pages"}],"about":[{"href":"https:\/\/perso.atilf.fr\/pgillet\/wp-json\/wp\/v2\/types\/page"}],"author":[{"embeddable":true,"href":"https:\/\/perso.atilf.fr\/pgillet\/wp-json\/wp\/v2\/users\/1"}],"replies":[{"embeddable":true,"href":"https:\/\/perso.atilf.fr\/pgillet\/wp-json\/wp\/v2\/comments?post=13"}],"version-history":[{"count":48,"href":"https:\/\/perso.atilf.fr\/pgillet\/wp-json\/wp\/v2\/pages\/13\/revisions"}],"predecessor-version":[{"id":536,"href":"https:\/\/perso.atilf.fr\/pgillet\/wp-json\/wp\/v2\/pages\/13\/revisions\/536"}],"wp:attachment":[{"href":"https:\/\/perso.atilf.fr\/pgillet\/wp-json\/wp\/v2\/media?parent=13"}],"curies":[{"name":"wp","href":"https:\/\/api.w.org\/{rel}","templated":true}]}}

<h5 style="text-align: center"><span style="color: #008080"><strong>Sciences du langage</strong></span></h5>
<ul>
<li>
<h5>L1 Sciences du langage &#8211; <strong>Méthodologie du travail universitaire et recherche documentaire</strong> <em>(2020-2021/2021-2022) (12h TD)</em></h5>
</li>
<li>
<h5>L1 Sciences du langage &#8211; <b>Grammaire</b> <em>(2022-2023/2023-2024) (24h TD)</em></h5>
</li>
<li>
<h5>L1 Sciences du langage &#8211; <strong>Initiation aux Sciences du langage</strong> (UE mineure) <em>(2020-2021/2021-2022) (6h CM)</em></h5>
</li>
<li>
<h5>L1 Sciences du langage &#8211; <b>Linguistique appliquée</b> (UE mineure) <em>(2022-2023) (4h CM)</em></h5>
</li>
<li>
<h5>L2 Sciences du langage &#8211; <strong>Du mot à la phrase</strong> <em>(2021-2022/2022-2023) (12h CM)</em></h5>
</li>
<li>
<h5>L3 Sciences du langage &#8211; <strong>Acquisition du langage à l&rsquo;école</strong> <em>(2023-2024) (12h TD)</em></h5>
</li>
</ul>
<h5></h5>
<p>&nbsp;</p>
<h5 style="text-align: center"><span style="color: #008080"><strong>Lettres Modernes</strong></span></h5>
<ul>
<li>
<h5>L1 Lettres Modernes &#8211; <strong>L&rsquo;art des mots : à la découverte de la langue française</strong> (UE mineure) <em>(2021-2022) (12h TD)</em></h5>
</li>
<li>
<h5>L2 Lettres Modernes &#8211; <strong>Enseigner la grammaire : <em>Comment ? Pourquoi </em>et<em> pour qui ?</em></strong> <em>(2020-2021) (12h CM + 12h TD)</em></h5>
</li>
</ul>
<h5></h5>
<p>&nbsp;</p>
<h5 style="text-align: center"><span style="color: #008080"><strong>Orthophonie</strong></span></h5>
<ul>
<li>
<h5>L2 Orthophonie &#8211; <strong>Développement du langage et acquisition</strong> <em>(2022-2023) (6h CM + 6hTD)</em></h5>
</li>
</ul>
<h5 align="justify"></h5>

<p>Sciences du langage L1 Sciences du langage &#8211; Méthodologie du travail universitaire et recherche documentaire (2020-2021/2021-2022) (12h TD) L1 Sciences du langage &#8211; Grammaire (2022-2023/2023-2024) (24h TD) L1 Sciences du langage &#8211; Initiation aux Sciences du langage (UE mineure) (2020-2021/2021-2022) (6h CM) L1 Sciences du langage &#8211; Linguistique appliquée (UE mineure) (2022-2023) (4h CM) L2 Sciences [&hellip;]</p>
