{"id":23,"date":"2015-06-29T13:44:14","date_gmt":"2015-06-29T12:44:14","guid":{"rendered":"https:\/\/apps.atilf.fr\/homepages\/?page_id=23"},"modified":"2025-10-06T09:04:51","modified_gmt":"2025-10-06T08:04:51","slug":"cv","status":"publish","type":"page","link":"https:\/\/perso.atilf.fr\/pgillet\/cv\/","title":{"rendered":"CV"},"content":{"rendered":"<h5><span style=\"text-decoration: underline\"><strong>Formation<\/strong><\/span><\/h5>\n<ul>\n<li style=\"text-align: left\">\n<h5>2020-2024 :<strong>\u00a0Doctorat en Sciences du langage<\/strong>, <em>Universit\u00e9 de Lorraine, Nancy<\/em><\/h5>\n<ul>\n<li>Th\u00e8se soutenue le 8 novembre 2024<\/li>\n<\/ul>\n<\/li>\n<li style=\"text-align: left\">\n<h5>2018-2020 : <strong>Master Sciences du langage<\/strong> parcours-type Analyse et Traitement du Lexique, mention tr\u00e8s bien, <em>Universit\u00e9 <\/em><em>de Lorraine, Nancy<\/em><\/h5>\n<ul>\n<li>\n<h5>M\u00e9moire de master intitul\u00e9 <em>L&rsquo;acquisition des interrogatives partielles chez les enfants francophones : \u00e9tude sur corpus<\/em>, sous la direction de Christophe Benzitoun.<\/h5>\n<\/li>\n<\/ul>\n<\/li>\n<li style=\"text-align: left\">\n<h5>2017-2018 : <strong>Licence 3 Sciences du langage<\/strong> (parcours EAM), mention bien, <em>Universit\u00e9 de Lorraine, Nancy<\/em><\/h5>\n<\/li>\n<\/ul>\n<h5><\/h5>\n<h5><\/h5>\n<p>&nbsp;<\/p>\n<h5><span style=\"text-decoration: underline\"><strong>Exp\u00e9riences professionnelles<\/strong><\/span><\/h5>\n<ul>\n<li>\n<h5>2025-2026 : ATER en Sciences du langage, <em>INSP\u00c9 de Lorraine, site de Montigny-l\u00e8s-Metz<\/em><\/h5>\n<\/li>\n<li>\n<h5>2024-2025 : Enseignante contractuelle de Lettres Modernes en coll\u00e8ge, <em>Acad\u00e9mie Nancy-Metz<\/em><\/h5>\n<\/li>\n<li>\n<h5>2023-2024 : Vacataire d&rsquo;enseignements, <em style=\"font-family: 'Roboto Slab'\">Universit\u00e9 de Lorraine, Nancy<\/em><\/h5>\n<\/li>\n<li>\n<h5>2020-2023 : Doctorante contractuelle en charge d&rsquo;enseignements, <em>Universit\u00e9 de Lorraine, Nancy<\/em><\/h5>\n<\/li>\n<li>\n<h5>2018-2019 : Stage de master \u00ab\u00a0Mise en place d&rsquo;une grille d&rsquo;\u00e9valuation du langage oral\u00a0\u00bb, <em>Ecole \u00e9l\u00e9mentaire Buffon, Nancy\u00a0<\/em><\/h5>\n<\/li>\n<\/ul>\n<h5><\/h5>\n<h5><\/h5>\n","protected":false},"excerpt":{"rendered":"<p>Formation 2020-2024 :\u00a0Doctorat en Sciences du langage, Universit\u00e9 de Lorraine, Nancy Th\u00e8se soutenue le 8 novembre 2024 2018-2020 : Master Sciences du langage parcours-type Analyse et Traitement du Lexique, mention tr\u00e8s bien, Universit\u00e9 de Lorraine, Nancy M\u00e9moire de master intitul\u00e9 L&rsquo;acquisition des interrogatives partielles chez les enfants francophones : \u00e9tude sur corpus, sous la direction [&hellip;]<\/p>\n","protected":false},"author":1,"featured_media":0,"parent":0,"menu_order":0,"comment_status":"closed","ping_status":"closed","template":"","meta":{"footnotes":""},"class_list":["post-23","page","type-page","status-publish","hentry"],"_links":{"self":[{"href":"https:\/\/perso.atilf.fr\/pgillet\/wp-json\/wp\/v2\/pages\/23","targetHints":{"allow":["GET"]}}],"collection":[{"href":"https:\/\/perso.atilf.fr\/pgillet\/wp-json\/wp\/v2\/pages"}],"about":[{"href":"https:\/\/perso.atilf.fr\/pgillet\/wp-json\/wp\/v2\/types\/page"}],"author":[{"embeddable":true,"href":"https:\/\/perso.atilf.fr\/pgillet\/wp-json\/wp\/v2\/users\/1"}],"replies":[{"embeddable":true,"href":"https:\/\/perso.atilf.fr\/pgillet\/wp-json\/wp\/v2\/comments?post=23"}],"version-history":[{"count":35,"href":"https:\/\/perso.atilf.fr\/pgillet\/wp-json\/wp\/v2\/pages\/23\/revisions"}],"predecessor-version":[{"id":543,"href":"https:\/\/perso.atilf.fr\/pgillet\/wp-json\/wp\/v2\/pages\/23\/revisions\/543"}],"wp:attachment":[{"href":"https:\/\/perso.atilf.fr\/pgillet\/wp-json\/wp\/v2\/media?parent=23"}],"curies":[{"name":"wp","href":"https:\/\/api.w.org\/{rel}","templated":true}]}}

<h5><span style="text-decoration: underline"><strong>Formation</strong></span></h5>
<ul>
<li style="text-align: left">
<h5>2020-2024 :<strong> Doctorat en Sciences du langage</strong>, <em>Université de Lorraine, Nancy</em></h5>
<ul>
<li>Thèse soutenue le 8 novembre 2024</li>
</ul>
</li>
<li style="text-align: left">
<h5>2018-2020 : <strong>Master Sciences du langage</strong> parcours-type Analyse et Traitement du Lexique, mention très bien, <em>Université </em><em>de Lorraine, Nancy</em></h5>
<ul>
<li>
<h5>Mémoire de master intitulé <em>L&rsquo;acquisition des interrogatives partielles chez les enfants francophones : étude sur corpus</em>, sous la direction de Christophe Benzitoun.</h5>
</li>
</ul>
</li>
<li style="text-align: left">
<h5>2017-2018 : <strong>Licence 3 Sciences du langage</strong> (parcours EAM), mention bien, <em>Université de Lorraine, Nancy</em></h5>
</li>
</ul>
<h5></h5>
<h5></h5>
<p>&nbsp;</p>
<h5><span style="text-decoration: underline"><strong>Expériences professionnelles</strong></span></h5>
<ul>
<li>
<h5>2025-2026 : ATER en Sciences du langage, <em>INSPÉ de Lorraine, site de Montigny-lès-Metz</em></h5>
</li>
<li>
<h5>2024-2025 : Enseignante contractuelle de Lettres Modernes en collège, <em>Académie Nancy-Metz</em></h5>
</li>
<li>
<h5>2023-2024 : Vacataire d&rsquo;enseignements, <em style="font-family: 'Roboto Slab'">Université de Lorraine, Nancy</em></h5>
</li>
<li>
<h5>2020-2023 : Doctorante contractuelle en charge d&rsquo;enseignements, <em>Université de Lorraine, Nancy</em></h5>
</li>
<li>
<h5>2018-2019 : Stage de master « Mise en place d&rsquo;une grille d&rsquo;évaluation du langage oral », <em>Ecole élémentaire Buffon, Nancy </em></h5>
</li>
</ul>
<h5></h5>
<h5></h5>

<p>Formation 2020-2024 : Doctorat en Sciences du langage, Université de Lorraine, Nancy Thèse soutenue le 8 novembre 2024 2018-2020 : Master Sciences du langage parcours-type Analyse et Traitement du Lexique, mention très bien, Université de Lorraine, Nancy Mémoire de master intitulé L&rsquo;acquisition des interrogatives partielles chez les enfants francophones : étude sur corpus, sous la direction [&hellip;]</p>
