{"id":425,"date":"2022-09-16T13:27:28","date_gmt":"2022-09-16T12:27:28","guid":{"rendered":"https:\/\/perso.atilf.fr\/pgillet\/?page_id=425"},"modified":"2023-05-25T15:43:33","modified_gmt":"2023-05-25T14:43:33","slug":"mediation-scientifique","status":"publish","type":"page","link":"https:\/\/perso.atilf.fr\/pgillet\/mediation-scientifique\/","title":{"rendered":"M\u00e9diation scientifique"},"content":{"rendered":"<ul>\n<li><a href=\"https:\/\/www.univ-lorraine.fr\/culture\/wp-content\/uploads\/sites\/10\/2022\/09\/NDC22-programme-complet-32-pages.pdf\"> \u00ab\u00a0En pleine croissance : b\u00e9b\u00e9 sur \u00e9coute\u00a0\u00bb <\/a>\u00e0 l&rsquo;occasion de la <a href=\"https:\/\/www.univ-lorraine.fr\/culture\/culturesci\/nuitdeschercheurs\/\">Nuit europ\u00e9enne des Chercheur\u00b7e\u00b7s<\/a>, 30 septembre 2022, Campus Lettres &amp; Sciences Humaines, Nancy.<\/li>\n<li><a href=\"https:\/\/www.atilf.fr\/recherche\/manifestations\/retour-sur\/retour-sur-laccueil-des-laureats-du-concours-regional-la-nouvelle-de-la-classe-2022\/\"> \u00ab\u00a0La linguistique, c&rsquo;est quoi ?\u00a0\u00bb <\/a> : atelier propos\u00e9 aux laur\u00e9ats (\u00e9coliers de CM1\/CM2) du concours r\u00e9gional \u00ab\u00a0La nouvelle de la classe\u00a0\u00bb, \u00e9dition 2022, dans le cadre du salon litt\u00e9raire <em>Le Livre sur la Place,<\/em>\u00a028 juin 2022, laboratoire ATILF (CNRS\/UL), Nancy.<\/li>\n<\/ul>\n","protected":false},"excerpt":{"rendered":"<p>\u00ab\u00a0En pleine croissance : b\u00e9b\u00e9 sur \u00e9coute\u00a0\u00bb \u00e0 l&rsquo;occasion de la Nuit europ\u00e9enne des Chercheur\u00b7e\u00b7s, 30 septembre 2022, Campus Lettres &amp; Sciences Humaines, Nancy. \u00ab\u00a0La linguistique, c&rsquo;est quoi ?\u00a0\u00bb : atelier propos\u00e9 aux laur\u00e9ats (\u00e9coliers de CM1\/CM2) du concours r\u00e9gional \u00ab\u00a0La nouvelle de la classe\u00a0\u00bb, \u00e9dition 2022, dans le cadre du salon litt\u00e9raire Le Livre [&hellip;]<\/p>\n","protected":false},"author":102,"featured_media":0,"parent":0,"menu_order":0,"comment_status":"closed","ping_status":"closed","template":"","meta":{"footnotes":""},"class_list":["post-425","page","type-page","status-publish","hentry"],"_links":{"self":[{"href":"https:\/\/perso.atilf.fr\/pgillet\/wp-json\/wp\/v2\/pages\/425","targetHints":{"allow":["GET"]}}],"collection":[{"href":"https:\/\/perso.atilf.fr\/pgillet\/wp-json\/wp\/v2\/pages"}],"about":[{"href":"https:\/\/perso.atilf.fr\/pgillet\/wp-json\/wp\/v2\/types\/page"}],"author":[{"embeddable":true,"href":"https:\/\/perso.atilf.fr\/pgillet\/wp-json\/wp\/v2\/users\/102"}],"replies":[{"embeddable":true,"href":"https:\/\/perso.atilf.fr\/pgillet\/wp-json\/wp\/v2\/comments?post=425"}],"version-history":[{"count":15,"href":"https:\/\/perso.atilf.fr\/pgillet\/wp-json\/wp\/v2\/pages\/425\/revisions"}],"predecessor-version":[{"id":434,"href":"https:\/\/perso.atilf.fr\/pgillet\/wp-json\/wp\/v2\/pages\/425\/revisions\/434"}],"wp:attachment":[{"href":"https:\/\/perso.atilf.fr\/pgillet\/wp-json\/wp\/v2\/media?parent=425"}],"curies":[{"name":"wp","href":"https:\/\/api.w.org\/{rel}","templated":true}]}}

Médiation scientifique

<ul>
<li><a href="https://www.univ-lorraine.fr/culture/wp-content/uploads/sites/10/2022/09/NDC22-programme-complet-32-pages.pdf"> « En pleine croissance : bébé sur écoute » </a>à l&rsquo;occasion de la <a href="https://www.univ-lorraine.fr/culture/culturesci/nuitdeschercheurs/">Nuit européenne des Chercheur·e·s</a>, 30 septembre 2022, Campus Lettres &amp; Sciences Humaines, Nancy.</li>
<li><a href="https://www.atilf.fr/recherche/manifestations/retour-sur/retour-sur-laccueil-des-laureats-du-concours-regional-la-nouvelle-de-la-classe-2022/"> « La linguistique, c&rsquo;est quoi ? » </a> : atelier proposé aux lauréats (écoliers de CM1/CM2) du concours régional « La nouvelle de la classe », édition 2022, dans le cadre du salon littéraire <em>Le Livre sur la Place,</em> 28 juin 2022, laboratoire ATILF (CNRS/UL), Nancy.</li>
</ul>

<p>« En pleine croissance : bébé sur écoute » à l&rsquo;occasion de la Nuit européenne des Chercheur·e·s, 30 septembre 2022, Campus Lettres &amp; Sciences Humaines, Nancy. « La linguistique, c&rsquo;est quoi ? » : atelier proposé aux lauréats (écoliers de CM1/CM2) du concours régional « La nouvelle de la classe », édition 2022, dans le cadre du salon littéraire Le Livre [&hellip;]</p>
