{"id":1287,"date":"2023-01-12T10:14:21","date_gmt":"2023-01-12T09:14:21","guid":{"rendered":"https:\/\/perso.atilf.fr\/sollinge\/?page_id=1287"},"modified":"2026-03-24T15:48:51","modified_gmt":"2026-03-24T14:48:51","slug":"polysemie-et-ambiguite-lexicale","status":"publish","type":"page","link":"https:\/\/perso.atilf.fr\/sollinge\/polysemie-et-ambiguite-lexicale\/","title":{"rendered":"Polys\u00e9mie et Ambigu\u00eft\u00e9 Lexicale"},"content":{"rendered":"<p><strong>Sigle<\/strong> : GR PAL<br \/>\n<strong>Responsable<\/strong> : <a href=\"https:\/\/perso.atilf.fr\/sollinge\/\" rel=\"noopener\" target=\"_blank\">Sandrine Ollinger<\/a><br \/>\n<strong>Membres internes<\/strong> : <a href=\"https:\/\/perso.atilf.fr\/mconstant\/\" rel=\"noopener\" target=\"_blank\">Mathieu Constant<\/a>, \u00c9velyne Jacquey, <a href=\"https:\/\/perso.atilf.fr\/lkister\/\" rel=\"noopener\" target=\"_blank\">Laurence Kister<\/a>, <a href=\"https:\/\/perso.atilf.fr\/vlux\/\" rel=\"noopener\" target=\"_blank\">Veronika Lux-Pogodalla<\/a>, <a href=\"https:\/\/perso.atilf.fr\/sollinge\/\" rel=\"noopener\" target=\"_blank\">Sandrine Ollinger<\/a>, <a href=\"https:\/\/perso.atilf.fr\/apolguere\/fr\/accueil\/\" rel=\"noopener\" target=\"_blank\">Alain Polgu\u00e8re<\/a><br \/>\n<strong>Membres ext\u00e9rieurs<\/strong> : <a href=\"http:\/\/www.llf.cnrs.fr\/fr\/Gens\/Barque\" target=\"_blank\" rel=\"noopener\">Lucie\u00a0Barque<\/a>, <a href=\"https:\/\/www.dlls.univr.it\/?ent=persona&amp;id=2972&amp;lang=en\" target=\"_blank\">Paolo Frassi<\/a>, <a href=\"https:\/\/www.unifr.ch\/llf\/fr\/departement\/equipe\/richard-huyghe.html\" target=\"_blank\" rel=\"noopener\">Richard\u00a0Huyghe<\/a><br \/>\n<strong>Invit\u00e9\u00b7es permanent\u00b7es<\/strong> : Jessika Cardinali, Hee-Soo Choi, Nabil\u00a0Gader, Benjamin Husson, Younghyun\u00a0Ha, Anja\u00a0Smith<br \/>\n<strong>Mots-cl\u00e9s<\/strong> : Polys\u00e9mie, ambigu\u00eft\u00e9, ambigu\u00eft\u00e9 lexicale, annotation, d\u00e9sambigu\u00efsation automatique<br \/>\n<strong>Axes<\/strong> : LEX, MRI &#8211; TER (secondaire)<\/p>\n<p><strong>Liens externes\u00a0: <\/strong><a href=\"https:\/\/arche.univ-lorraine.fr\/course\/view.php?id=58739\" rel=\"noopener\" target=\"_blank\">Espace priv\u00e9<\/a><\/p>\n<p><strong>Projet en cours\u00a0: <\/strong>ARTIST, <a href=\"https:\/\/perso.atilf.fr\/sollinge\/projets\/alivolex\/\">ALIVoLex<\/a>, <a href=\"https:\/\/perso.atilf.fr\/sollinge\/projets\/alumcoco\/\" rel=\"noopener\" target=\"_blank\">ALUMCoCo<\/a><\/p>\n<p><strong>Description<\/strong> :<br \/>\nLe groupe de recherche Polys\u00e9mie et ambigu\u00eft\u00e9 lexicale fait suite au projet <a href=\"https:\/\/perso.atilf.fr\/sollinge\/projets\/bel-rl-fr\/\" rel=\"noopener\" target=\"_blank\">BEL-RL-fr<\/a> initi\u00e9 en 2018 et se nourrit de projets men\u00e9s au sein de l\u2019ATILF depuis 2011 sur les questions de mod\u00e9lisation du lexique (RELIEF, Syst\u00e8mes Lexicaux), d\u2019enseignement du lexique (<a href=\"https:\/\/perso.atilf.fr\/vlux\/projets\/projets-relatifs-a-lenseignement-du-lexique\/\" rel=\"noopener\" target=\"_blank\">Lexisciences, Lexicoll\u00e8ge, LELREP<\/a>) et d\u2019annotation de corpus (<a href=\"https:\/\/lorexplor.istex.fr\/Wicri\/Europe\/France\/Lorraine\/fr\/index.php\/MSH_Axe_2_-_projet_ASTTIC\" rel=\"noopener\" target=\"_blank\">ASTTIC<\/a>, <a href=\"https:\/\/web-data.atilf.fr\/ressources\/termith\/\" rel=\"noopener\" target=\"_blank\">TermITH<\/a>, <a href=\"https:\/\/www.ortolang.fr\/market\/corpora\/corea2d\" rel=\"noopener\" target=\"_blank\">CoReA2D<\/a>). Il a pour objectif principal une r\u00e9flexion conjointe sur la mod\u00e9lisation de la polys\u00e9mie et la lev\u00e9e d\u2019ambigu\u00eft\u00e9 lexicale en contexte.<\/p>\n<p>Le projet BEL-RL-fr a permis la mise \u00e0 disposition du corpus \u00e9ponyme de citations lexicographiques du R\u00e9seau Lexical du fran\u00e7ais (RL-fr). Dans son \u00e9tat courant, ce corpus de 1,3 million de mots comporte 31 781 citations, \u00e0 l\u2019int\u00e9rieur desquelles 52 600 segments textuels ont \u00e9t\u00e9 manuellement associ\u00e9s \u00e0 27 745 unit\u00e9s lexicales. Tout comme le RL-fr lui-m\u00eame, le corpus \u00e9volue quotidiennement et sa distribution sur la plateforme <a href=\"https:\/\/www.ortolang.fr\/market\/corpora\/examples-ls-fr\/v3\" rel=\"noopener\" target=\"_blank\">ORTOLANG<\/a> fait l\u2019objet de mises \u00e0 jour annuelles.<\/p>\n<p>Le corpus BEL-RL-fr a \u00e9t\u00e9 utilis\u00e9 pour mener de premi\u00e8res exp\u00e9riences de lev\u00e9e d\u2019ambigu\u00eft\u00e9 lexicale automatique \u00e0 base de r\u00e9seau de neurones. Outre les r\u00e9sultats encourageants obtenus gr\u00e2ce \u00e0 l\u2019int\u00e9gration de connaissances linguistiques issues du RL-fr, ces exp\u00e9riences ouvrent de nombreuses pistes de r\u00e9flexion sur l\u2019exploitation de la mod\u00e9lisation du sens lexical propos\u00e9e par les Syst\u00e8mes Lexicaux et l\u2019\u00e9valuation des r\u00e9sultats de la d\u00e9sambigu\u00efsation automatique.<\/p>\n<p>Si chaque citation du corpus BEL-RL-fr comporte 1 \u00e0 12 segments textuels associ\u00e9s \u00e0 une unit\u00e9 lexicale du RL-fr, chaque occurrence des unit\u00e9s lexicales du RL-fr pr\u00e9sente dans le BEL-RL-fr n\u2019a pas \u00e9t\u00e9 d\u00e9sambigu\u00efs\u00e9e. On trouvera ainsi 255 occurrences du lemme SOLEIL dans le corpus, pour seulement 45 occurrences li\u00e9es \u00e0 une entr\u00e9e du RL-fr. Une premi\u00e8re exp\u00e9rience de lev\u00e9e d\u2019ambigu\u00eft\u00e9 lexicale manuelle a \u00e9t\u00e9 men\u00e9e pour enrichir le corpus. Elle a permis d\u2019identifier nos besoins pour une campagne de plus grande ampleur, qui visera la cr\u00e9ation de trois couches d\u2019annotation distinctes : unit\u00e9s lexicales du RL-fr, acceptions du TLF, descripteurs d\u2019ambigu\u00eft\u00e9.<\/p>\n<p>Ces deux chantiers seront compl\u00e9t\u00e9s par la poursuite de travaux de terrain sur l\u2019enseignement de la polys\u00e9mie. En travaillant conjointement sur des sous-parties du lexique du fran\u00e7ais, nous porterons une attention particuli\u00e8re aux ph\u00e9nom\u00e8nes lexicaux qui entravent l\u2019apprentissage scolaire ou automatique et chercherons \u00e0 affiner leur mod\u00e9lisation. <\/p>\n<p>Le groupe entretient des liens avec GR Lexicologie des r\u00e9seaux lexicaux avec lequel il mutualisera des r\u00e9unions de travail lexicographique et l\u2019avancement des travaux sur l\u2019enseignement du lexique.<\/p>\n<p><strong>Planning<\/strong><\/p>\n<details>\n<summary>\u25bc 2026<\/summary>\n<blockquote>\n<table id=\"tablepress-33\" class=\"tablepress tablepress-id-33\">\n<tbody class=\"row-hover\">\n<tr class=\"row-1\">\n\t<td class=\"column-1\">08.07.2026<\/td><td class=\"column-2\">Pr\u00e9sentation livre fonctions lexicales<\/td><td class=\"column-3\">Alain Polgu\u00e8re<\/td>\n<\/tr>\n<tr class=\"row-2\">\n\t<td class=\"column-1\">23.04.2026<\/td><td class=\"column-2\">Formation Zotero<\/td><td class=\"column-3\">Alexis Coutant<\/td>\n<\/tr>\n<tr class=\"row-3\">\n\t<td class=\"column-1\">24.03.2026<\/td><td class=\"column-2\">Bibliographie sous Zotero<\/td><td class=\"column-3\">Virginie Moulla<\/td>\n<\/tr>\n<tr class=\"row-4\">\n\t<td class=\"column-1\">18.02.2026<\/td><td class=\"column-2\">Pr\u00e9sentation du GR Stage immersion de professeurs en laboratoire<\/td><td class=\"column-3\">Sandrine Ollinger<\/td>\n<\/tr>\n<tr class=\"row-5\">\n\t<td class=\"column-1\">03.03.2026<\/td><td class=\"column-2\">Pr\u00e9sentation des travaux du GR PAL <br \/>\nManuel vs. automatique<br \/>\nPistes de collaboration autour de la difficult\u00e9 de la t\u00e2che d'annotation en sens lexicaux<\/td><td class=\"column-3\">Benjamin Husson<br \/>\nSandrine Ollinger<br \/>\nAman Sinha<\/td>\n<\/tr>\n<tr class=\"row-6\">\n\t<td class=\"column-1\">01.03.2026<\/td><td class=\"column-2\">D\u00e9but stage \u00ab\u00a0Classification non supervis\u00e9e de l\u2019inventaire des d\u00e9finitions du TLFi\u00a0\u00bb<\/td><td class=\"column-3\">Victor (Chenhan) GAO<br \/>\nMathieu Constant<br \/>\nBenjamin Husson<\/td>\n<\/tr>\n<\/tbody>\n<\/table>\n<!-- #tablepress-33 from cache --><\/blockquote>\n<\/details>\n<p><\/p>\n<details>\n<summary>\u25bc 2025<\/summary>\n<blockquote>\n<table id=\"tablepress-29\" class=\"tablepress tablepress-id-29\">\n<tbody class=\"row-hover\">\n<tr class=\"row-1\">\n\t<td class=\"column-1\">16.12.2025<\/td><td class=\"column-2\">R\u00e9union d'\u00e9changes et d'information<\/td><td class=\"column-3\"><\/td>\n<\/tr>\n<tr class=\"row-2\">\n\t<td class=\"column-1\">14.11.2025<\/td><td class=\"column-2\">Phras\u00e9ographie bilingue d'unit\u00e9s pragmatiques du discours. Questions th\u00e9oriques et m\u00e9thodologiques.<\/td><td class=\"column-3\">Anja Smith<\/td>\n<\/tr>\n<tr class=\"row-3\">\n\t<td class=\"column-1\">01.07.2025<\/td><td class=\"column-2\">Usage pragmatique des expressions honorifiques cor\u00e9ennes - <i>sugohasieossseubnida<\/i> et <i>gosaenghasieossseubnida<\/i><\/td><td class=\"column-3\">Younghyun Ha<\/td>\n<\/tr>\n<tr class=\"row-4\">\n\t<td class=\"column-1\">29.04.2025<\/td><td class=\"column-2\">Fonctions s\u00e9mantico-pragmatiques dans<br \/>\nle discours sp\u00e9cialis\u00e9<\/td><td class=\"column-3\">Ioana Buhnila<\/td>\n<\/tr>\n<tr class=\"row-5\">\n\t<td class=\"column-1\">28.04.2025<\/td><td class=\"column-2\">Enqu\u00eate ALUMCoCo<\/td><td class=\"column-3\">Sandrine Ollinger<\/td>\n<\/tr>\n<tr class=\"row-6\">\n\t<td class=\"column-1\">01.04.2025<\/td><td class=\"column-2\">R\u00e9f\u00e9rence et annotation lexicale<\/td><td class=\"column-3\">\u00c9velyne Jacquey &amp; Laurence Kister<\/td>\n<\/tr>\n<tr class=\"row-7\">\n\t<td class=\"column-1\">12.02.25<\/td><td class=\"column-2\">Pr\u00e9sentation du GR Stage immersion de professeurs en laboratoire<\/td><td class=\"column-3\">Sandrine Ollinger<\/td>\n<\/tr>\n<tr class=\"row-8\">\n\t<td class=\"column-1\">03.02.2025<\/td><td class=\"column-2\">La pr\u00e9diction de liens peut-elle enrichir des<br \/>\ngraphes lexico-s\u00e9mantiques du fran\u00e7ais ?<\/td><td class=\"column-3\">Hee-Soo Choi<\/td>\n<\/tr>\n<tr class=\"row-9\">\n\t<td class=\"column-1\">14.01.2025<\/td><td class=\"column-2\">R\u00e9union d'\u00e9changes et d'information<\/td><td class=\"column-3\"><\/td>\n<\/tr>\n<\/tbody>\n<\/table>\n<!-- #tablepress-29 from cache --><\/blockquote>\n<\/details>\n<p><\/p>\n<details>\n<summary>\u25bc 2024<\/summary>\n<blockquote>\n<table id=\"tablepress-25\" class=\"tablepress tablepress-id-25\">\n<tbody class=\"row-hover\">\n<tr class=\"row-1\">\n\t<td class=\"column-1\">27.05.2024<\/td><td class=\"column-2\">Remarques sur l\u2019enseignement\/apprentissage des termes polys\u00e9miques<\/td><td class=\"column-3\">Paolo Frassi<\/td>\n<\/tr>\n<tr class=\"row-2\">\n\t<td class=\"column-1\">22.03.2024<\/td><td class=\"column-2\">Pr\u00e9-campagne d'annotation : Apprendre \u00e0 regarder ensemble dans la m\u00eame direction<br \/>\nJTTA corpus<\/td><td class=\"column-3\">Sandrine Ollinger &amp; \u00c9velyne Jacquey<\/td>\n<\/tr>\n<tr class=\"row-3\">\n\t<td class=\"column-1\">18.03.2024<\/td><td class=\"column-2\">R\u00e9union de lancement ALUMCoCo<\/td><td class=\"column-3\"><\/td>\n<\/tr>\n<tr class=\"row-4\">\n\t<td class=\"column-1\">01.02.2024<\/td><td class=\"column-2\">R\u00e9f\u00e9rence et cha\u00eenes de r\u00e9f\u00e9rences<\/td><td class=\"column-3\">Laurence Kister<\/td>\n<\/tr>\n<\/tbody>\n<\/table>\n<!-- #tablepress-25 from cache --><\/blockquote>\n<\/details>\n<p><\/p>\n<details>\n<summary>\u25bc 2022-2023<\/summary>\n<blockquote>\n<table id=\"tablepress-24\" class=\"tablepress tablepress-id-24\">\n<tbody class=\"row-hover\">\n<tr class=\"row-1\">\n\t<td class=\"column-1\">21.12.2023<\/td><td class=\"column-2\">R\u00e9union d'\u00e9changes et d'information<\/td><td class=\"column-3\"><\/td>\n<\/tr>\n<tr class=\"row-2\">\n\t<td class=\"column-1\">13.11.2023<\/td><td class=\"column-2\">Les difficult\u00e9s inh\u00e9rentes \u00e0 la t\u00e2che de classification s\u00e9mantique : \u00e9tude statistique des facteurs linguistiques expliquant l'accord inter-annotateur dans le corpus FrSemcor<\/td><td class=\"column-3\">Lucie Barque<\/td>\n<\/tr>\n<tr class=\"row-3\">\n\t<td class=\"column-1\">16.10.2023<\/td><td class=\"column-2\">Ambivalence s\u00e9mantique<\/td><td class=\"column-3\">Alain Polgu\u00e8re<\/td>\n<\/tr>\n<tr class=\"row-4\">\n\t<td class=\"column-1\">28.08.2023<\/td><td class=\"column-2\">WSD &amp; RL-fr : une exp\u00e9rience<\/td><td class=\"column-3\">Mathieu Constant<\/td>\n<\/tr>\n<tr class=\"row-5\">\n\t<td class=\"column-1\">05.07.2023<\/td><td class=\"column-2\">Polys\u00e9mie et terminologie<\/td><td class=\"column-3\">Laurence Kister<\/td>\n<\/tr>\n<tr class=\"row-6\">\n\t<td class=\"column-1\">31.03.2023<\/td><td class=\"column-2\">s\u00e9ance de lecture partag\u00e9e<\/td><td class=\"column-3\">Veronika Lux Pogodalla<\/td>\n<\/tr>\n<tr class=\"row-7\">\n\t<td class=\"column-1\">24.03.2023<\/td><td class=\"column-2\">s\u00e9ance de lecture partag\u00e9e<\/td><td class=\"column-3\">Sandrine Ollinger<\/td>\n<\/tr>\n<tr class=\"row-8\">\n\t<td class=\"column-1\">17.02.2023<\/td><td class=\"column-2\">s\u00e9ance de lecture partag\u00e9e<\/td><td class=\"column-3\">\u00c9velyne Jacquey<\/td>\n<\/tr>\n<tr class=\"row-9\">\n\t<td class=\"column-1\">13.02.2023<\/td><td class=\"column-2\">Lev\u00e9e d\u2019ambigu\u00eft\u00e9 manuelle (pr\u00e9misses)<\/td><td class=\"column-3\">\u00c9velyne Jacquey &amp; Sandrine Ollinger<\/td>\n<\/tr>\n<tr class=\"row-10\">\n\t<td class=\"column-1\">22.11.2022<\/td><td class=\"column-2\">Enseigner la polys\u00e9mie pour soutenir l\u2019acquisition du vocabulaire<\/td><td class=\"column-3\">Veronika Lux Pogodalla<\/td>\n<\/tr>\n<tr class=\"row-11\">\n\t<td class=\"column-1\">20.09.2022<\/td><td class=\"column-2\">R\u00e9union de lancement<\/td><td class=\"column-3\"><\/td>\n<\/tr>\n<\/tbody>\n<\/table>\n<!-- #tablepress-24 from cache --><\/blockquote>\n<\/details>\n<p><\/p>\n","protected":false},"excerpt":{"rendered":"<p>Sigle : GR PAL Responsable : Sandrine Ollinger Membres internes : Mathieu Constant, \u00c9velyne Jacquey, Laurence Kister, Veronika Lux-Pogodalla, Sandrine Ollinger, Alain Polgu\u00e8re Membres ext\u00e9rieurs : Lucie\u00a0Barque, Paolo Frassi, Richard\u00a0Huyghe Invit\u00e9\u00b7es permanent\u00b7es : Jessika Cardinali, Hee-Soo Choi, Nabil\u00a0Gader, Benjamin Husson, Younghyun\u00a0Ha, Anja\u00a0Smith Mots-cl\u00e9s : Polys\u00e9mie, ambigu\u00eft\u00e9, ambigu\u00eft\u00e9 lexicale, annotation, d\u00e9sambigu\u00efsation automatique Axes : LEX, MRI [&hellip;]<\/p>\n","protected":false},"author":17,"featured_media":0,"parent":0,"menu_order":0,"comment_status":"closed","ping_status":"closed","template":"","meta":{"footnotes":""},"class_list":["post-1287","page","type-page","status-publish","hentry"],"_links":{"self":[{"href":"https:\/\/perso.atilf.fr\/sollinge\/wp-json\/wp\/v2\/pages\/1287","targetHints":{"allow":["GET"]}}],"collection":[{"href":"https:\/\/perso.atilf.fr\/sollinge\/wp-json\/wp\/v2\/pages"}],"about":[{"href":"https:\/\/perso.atilf.fr\/sollinge\/wp-json\/wp\/v2\/types\/page"}],"author":[{"embeddable":true,"href":"https:\/\/perso.atilf.fr\/sollinge\/wp-json\/wp\/v2\/users\/17"}],"replies":[{"embeddable":true,"href":"https:\/\/perso.atilf.fr\/sollinge\/wp-json\/wp\/v2\/comments?post=1287"}],"version-history":[{"count":32,"href":"https:\/\/perso.atilf.fr\/sollinge\/wp-json\/wp\/v2\/pages\/1287\/revisions"}],"predecessor-version":[{"id":2042,"href":"https:\/\/perso.atilf.fr\/sollinge\/wp-json\/wp\/v2\/pages\/1287\/revisions\/2042"}],"wp:attachment":[{"href":"https:\/\/perso.atilf.fr\/sollinge\/wp-json\/wp\/v2\/media?parent=1287"}],"curies":[{"name":"wp","href":"https:\/\/api.w.org\/{rel}","templated":true}]}}