{"id":13,"date":"2015-06-29T13:43:15","date_gmt":"2015-06-29T12:43:15","guid":{"rendered":"https:\/\/apps.atilf.fr\/homepages\/sruvol\/?page_id=13"},"modified":"2022-10-01T22:55:46","modified_gmt":"2022-10-01T21:55:46","slug":"enseignement","status":"publish","type":"page","link":"https:\/\/perso.atilf.fr\/sruvol\/enseignement\/","title":{"rendered":"Enseignement"},"content":{"rendered":"<p><span style=\"text-decoration: underline\"><strong><a href=\"https:\/\/perso.atilf.fr\/sruvol\/wp-content\/uploads\/sites\/76\/2022\/10\/PXL_20220629_142100253.MP.jpg\"><img loading=\"lazy\" decoding=\"async\" class=\"size-medium wp-image-355 alignleft\" src=\"https:\/\/perso.atilf.fr\/sruvol\/wp-content\/uploads\/sites\/76\/2022\/10\/PXL_20220629_142100253.MP-300x225.jpg\" alt=\"\" width=\"300\" height=\"225\" srcset=\"https:\/\/perso.atilf.fr\/sruvol\/wp-content\/uploads\/sites\/76\/2022\/10\/PXL_20220629_142100253.MP-300x225.jpg 300w, https:\/\/perso.atilf.fr\/sruvol\/wp-content\/uploads\/sites\/76\/2022\/10\/PXL_20220629_142100253.MP-1024x768.jpg 1024w, https:\/\/perso.atilf.fr\/sruvol\/wp-content\/uploads\/sites\/76\/2022\/10\/PXL_20220629_142100253.MP-768x576.jpg 768w, https:\/\/perso.atilf.fr\/sruvol\/wp-content\/uploads\/sites\/76\/2022\/10\/PXL_20220629_142100253.MP.jpg 1079w\" sizes=\"auto, (max-width: 300px) 100vw, 300px\" \/><\/a>Enseignements<\/strong><\/span><\/p>\n<ul>\n<li>Psycholinguistique<\/li>\n<li>Interactions verbales<\/li>\n<li>Difficult\u00e9s de l&rsquo;apprentissage oral et \u00e9crit : de la pr\u00e9vention \u00e0 l&rsquo;intervention<\/li>\n<li>Acquisition du langage oral et \u00e9crit<\/li>\n<li>Pathologies du langage oral et \u00e9crit<\/li>\n<\/ul>\n<p><span style=\"text-decoration: underline\"><strong>Direction de m\u00e9moires et de th\u00e8ses<\/strong><\/span><\/p>\n<ul>\n<li><span style=\"color: #000000\"><b>Direction des m\u00e9moires de Master 1 et 2 en Sciences du Langage<\/b><\/span><\/li>\n<\/ul>\n","protected":false},"excerpt":{"rendered":"<p>Enseignements Psycholinguistique Interactions verbales Difficult\u00e9s de l&rsquo;apprentissage oral et \u00e9crit : de la pr\u00e9vention \u00e0 l&rsquo;intervention Acquisition du langage oral et \u00e9crit Pathologies du langage oral et \u00e9crit Direction de m\u00e9moires et de th\u00e8ses Direction des m\u00e9moires de Master 1 et 2 en Sciences du Langage<\/p>\n","protected":false},"author":1,"featured_media":0,"parent":0,"menu_order":0,"comment_status":"closed","ping_status":"closed","template":"","meta":{"footnotes":""},"class_list":["post-13","page","type-page","status-publish","hentry"],"_links":{"self":[{"href":"https:\/\/perso.atilf.fr\/sruvol\/wp-json\/wp\/v2\/pages\/13","targetHints":{"allow":["GET"]}}],"collection":[{"href":"https:\/\/perso.atilf.fr\/sruvol\/wp-json\/wp\/v2\/pages"}],"about":[{"href":"https:\/\/perso.atilf.fr\/sruvol\/wp-json\/wp\/v2\/types\/page"}],"author":[{"embeddable":true,"href":"https:\/\/perso.atilf.fr\/sruvol\/wp-json\/wp\/v2\/users\/1"}],"replies":[{"embeddable":true,"href":"https:\/\/perso.atilf.fr\/sruvol\/wp-json\/wp\/v2\/comments?post=13"}],"version-history":[{"count":10,"href":"https:\/\/perso.atilf.fr\/sruvol\/wp-json\/wp\/v2\/pages\/13\/revisions"}],"predecessor-version":[{"id":356,"href":"https:\/\/perso.atilf.fr\/sruvol\/wp-json\/wp\/v2\/pages\/13\/revisions\/356"}],"wp:attachment":[{"href":"https:\/\/perso.atilf.fr\/sruvol\/wp-json\/wp\/v2\/media?parent=13"}],"curies":[{"name":"wp","href":"https:\/\/api.w.org\/{rel}","templated":true}]}}