{"id":190,"date":"2016-02-24T12:11:16","date_gmt":"2016-02-24T11:11:16","guid":{"rendered":"https:\/\/apps.atilf.fr\/homepages\/sruvol\/?page_id=190"},"modified":"2016-02-24T12:11:16","modified_gmt":"2016-02-24T11:11:16","slug":"hal","status":"publish","type":"page","link":"https:\/\/perso.atilf.fr\/sruvol\/hal\/","title":{"rendered":"HAL"},"content":{"rendered":"<div id=\"wphal-content\"><ul id=\"wphal-menu\"><li><a href=\"#publications\" onclick=\"displayElem('publications'); return false;\" style=\"font-size:18px;text-decoration: none\">Publications<\/a><\/li><li><a href=\"#filtres\" onclick=\"return false;\" style=\"font-size:18px;text-decoration: none;cursor:default\">M\u00e9tadonn\u00e9es<\/a><ul id=\"wphal-filtres\"><li><a href=\"#disciplines\" onclick=\"displayElem('wphal-disciplines'); return false;\" style=\"margin:1px;text-decoration: none\">Disciplines<\/a><\/li><li><a href=\"#keywords\" onclick=\"displayElem('wphal-keywords'); return false;\" style=\"margin:1px;text-decoration: none\">Mots-clefs<\/a><\/li><li><a href=\"#auteurs\" onclick=\"displayElem('wphal-auteurs'); return false;\" style=\"margin:1px;text-decoration: none\">Auteurs<\/a><\/li><li><a href=\"#revues\" onclick=\"displayElem('wphal-revues'); return false;\" style=\"margin:1px;text-decoration: none\">Revues<\/a><\/li><li><a href=\"#annees\" onclick=\"displayElem('wphal-annees'); return false;\" style=\"margin:1px;text-decoration: none\">Ann\u00e9e de production<\/a><\/li><\/ul><\/li><\/ul><br \/><hr><div id=\"meta\">\n        <div class=\"display\" id=\"wphal-contact\" style=\"display: none\">\n            <h3 class=\"wphal-titre\">Contact<\/h3>\n\n            <ul id=\"wphal-cont\" style=\"list-style-type: none\"><\/ul>\n        <\/div>\n        <div class=\"display\" id=\"wphal-disciplines\" style=\"display: none\">\n            <h3 class=\"wphal-titre\">Disciplines<\/h3><\/div>\n        <div class=\"display\" id=\"wphal-keywords\" style=\"display: none\">\n            <h3 class=\"wphal-titre\">Mots-clefs<\/h3><\/div>\n        <div class=\"display\" id=\"wphal-auteurs\" style=\"display: none\">\n            <h3 class=\"wphal-titre\">Auteurs<\/h3><\/div>\n        <div class=\"display\" id=\"wphal-affiliated\" style=\"display: none\">\n            <h3 class=\"wphal-titre\">Auteurs de la structure<\/h3><\/div>\n        <div class=\"display\" id=\"wphal-revues\" style=\"display: none\">\n            <h3 class=\"wphal-titre\">Revues<\/h3><\/div>\n        <div class=\"display\" id=\"wphal-annees\" style=\"display: none\">\n            <h3 class=\"wphal-titre\">Ann\u00e9e de production<\/h3><\/div>\n        <div class=\"display\" id=\"wphal-insts\" style=\"display: none\">\n            <h3 class=\"wphal-titre\">Institutions<\/h3><\/div>\n       <div class=\"display\" id=\"wphal-labs\" style=\"display: none\">\n            <h3 class=\"wphal-titre\">Laboratoires<\/h3><\/div>\n       <div class=\"display\" id=\"wphal-depts\" style=\"display: none\">\n            <h3 class=\"wphal-titre\">D\u00e9partements<\/h3><\/div>\n       <div class=\"display\" id=\"wphal-equipes\" style=\"display: none\">\n            <h3 class=\"wphal-titre\">\u00c9quipes de recherche<\/h3><\/div>\n    <div class=\"display\" id=\"publications\"><div class=\"counter-doc\"><span class=\"wphal-nbtot\">0 <\/span>documents<\/div><br><\/div>\n    <\/div>\n<\/div><div class=\"wphal-footer\"><p style=\"color:#B3B2B0\">Documents r\u00e9cup\u00e9r\u00e9s de l'archive ouverte HAL&nbsp;<a href=\"https:\/\/hal.science\/\" target=\"_blank\"><img decoding=\"async\" alt=\"logo\" src=\"https:\/\/perso.atilf.fr\/sruvol\/wp-content\/plugins\/hal\/img\/logo-hal.png\" style=\"width:90px\"><\/a><\/p><\/div>\n","protected":false},"excerpt":{"rendered":"","protected":false},"author":1,"featured_media":0,"parent":0,"menu_order":0,"comment_status":"closed","ping_status":"closed","template":"","meta":{"footnotes":""},"class_list":["post-190","page","type-page","status-publish","hentry"],"_links":{"self":[{"href":"https:\/\/perso.atilf.fr\/sruvol\/wp-json\/wp\/v2\/pages\/190","targetHints":{"allow":["GET"]}}],"collection":[{"href":"https:\/\/perso.atilf.fr\/sruvol\/wp-json\/wp\/v2\/pages"}],"about":[{"href":"https:\/\/perso.atilf.fr\/sruvol\/wp-json\/wp\/v2\/types\/page"}],"author":[{"embeddable":true,"href":"https:\/\/perso.atilf.fr\/sruvol\/wp-json\/wp\/v2\/users\/1"}],"replies":[{"embeddable":true,"href":"https:\/\/perso.atilf.fr\/sruvol\/wp-json\/wp\/v2\/comments?post=190"}],"version-history":[{"count":1,"href":"https:\/\/perso.atilf.fr\/sruvol\/wp-json\/wp\/v2\/pages\/190\/revisions"}],"predecessor-version":[{"id":191,"href":"https:\/\/perso.atilf.fr\/sruvol\/wp-json\/wp\/v2\/pages\/190\/revisions\/191"}],"wp:attachment":[{"href":"https:\/\/perso.atilf.fr\/sruvol\/wp-json\/wp\/v2\/media?parent=190"}],"curies":[{"name":"wp","href":"https:\/\/api.w.org\/{rel}","templated":true}]}}