{"id":15,"date":"2015-06-29T13:43:26","date_gmt":"2015-06-29T12:43:26","guid":{"rendered":"https:\/\/apps.atilf.fr\/homepages\/?page_id=15"},"modified":"2024-12-19T11:36:42","modified_gmt":"2024-12-19T10:36:42","slug":"projets","status":"publish","type":"page","link":"https:\/\/perso.atilf.fr\/vbarrouillet\/projets\/","title":{"rendered":"Projets personnels"},"content":{"rendered":"<p>Je suis l&rsquo;auteur, avec mon alter-ego Fabrice Waterpoin, d&rsquo;une cha\u00eene Youtube de louanges chr\u00e9tiennes intitul\u00e9e \u00ab\u00a0Ceux qui crient sur les toits\u00a0\u00bb, que vous retrouverez aussi sur l&rsquo;ensemble des plateformes existantes.<\/p>\n<p>Les paroles sont \u00e9crites et interpr\u00e9t\u00e9es par moi-m\u00eame, et la musique, toujours originale, est le fruit du talent de Fabrice.<\/p>\n<p>Vous trouverez une interview sur notre association artistique <a href=\"https:\/\/www.louvejoyeuse.com\/fabrice-poineau-vincent-thomas-barrouillet\/\">en cliquant ici<\/a>, et nous vous invitons \u00e0 venir crier sur les toits avec nous <a href=\"http:\/\/cqcslt.wixsite.com\/cqcslt\">\u00e0 cette adresse<\/a>.<\/p>\n","protected":false},"excerpt":{"rendered":"<p>Je suis l&rsquo;auteur, avec mon alter-ego Fabrice Waterpoin, d&rsquo;une cha\u00eene Youtube de louanges chr\u00e9tiennes intitul\u00e9e \u00ab\u00a0Ceux qui crient sur les toits\u00a0\u00bb, que vous retrouverez aussi sur l&rsquo;ensemble des plateformes existantes. Les paroles sont \u00e9crites et interpr\u00e9t\u00e9es par moi-m\u00eame, et la musique, toujours originale, est le fruit du talent de Fabrice. Vous trouverez une interview sur [&hellip;]<\/p>\n","protected":false},"author":1,"featured_media":0,"parent":0,"menu_order":0,"comment_status":"closed","ping_status":"closed","template":"","meta":{"footnotes":""},"class_list":["post-15","page","type-page","status-publish","hentry"],"_links":{"self":[{"href":"https:\/\/perso.atilf.fr\/vbarrouillet\/wp-json\/wp\/v2\/pages\/15","targetHints":{"allow":["GET"]}}],"collection":[{"href":"https:\/\/perso.atilf.fr\/vbarrouillet\/wp-json\/wp\/v2\/pages"}],"about":[{"href":"https:\/\/perso.atilf.fr\/vbarrouillet\/wp-json\/wp\/v2\/types\/page"}],"author":[{"embeddable":true,"href":"https:\/\/perso.atilf.fr\/vbarrouillet\/wp-json\/wp\/v2\/users\/1"}],"replies":[{"embeddable":true,"href":"https:\/\/perso.atilf.fr\/vbarrouillet\/wp-json\/wp\/v2\/comments?post=15"}],"version-history":[{"count":13,"href":"https:\/\/perso.atilf.fr\/vbarrouillet\/wp-json\/wp\/v2\/pages\/15\/revisions"}],"predecessor-version":[{"id":355,"href":"https:\/\/perso.atilf.fr\/vbarrouillet\/wp-json\/wp\/v2\/pages\/15\/revisions\/355"}],"wp:attachment":[{"href":"https:\/\/perso.atilf.fr\/vbarrouillet\/wp-json\/wp\/v2\/media?parent=15"}],"curies":[{"name":"wp","href":"https:\/\/api.w.org\/{rel}","templated":true}]}}

<p>Je suis l&rsquo;auteur, avec mon alter-ego Fabrice Waterpoin, d&rsquo;une chaîne Youtube de louanges chrétiennes intitulée « Ceux qui crient sur les toits », que vous retrouverez aussi sur l&rsquo;ensemble des plateformes existantes.</p>
<p>Les paroles sont écrites et interprétées par moi-même, et la musique, toujours originale, est le fruit du talent de Fabrice.</p>
<p>Vous trouverez une interview sur notre association artistique <a href="https://www.louvejoyeuse.com/fabrice-poineau-vincent-thomas-barrouillet/">en cliquant ici</a>, et nous vous invitons à venir crier sur les toits avec nous <a href="http://cqcslt.wixsite.com/cqcslt">à cette adresse</a>.</p>

<p>Je suis l&rsquo;auteur, avec mon alter-ego Fabrice Waterpoin, d&rsquo;une chaîne Youtube de louanges chrétiennes intitulée « Ceux qui crient sur les toits », que vous retrouverez aussi sur l&rsquo;ensemble des plateformes existantes. Les paroles sont écrites et interprétées par moi-même, et la musique, toujours originale, est le fruit du talent de Fabrice. Vous trouverez une interview sur [&hellip;]</p>
