{"id":19,"date":"2015-06-29T13:43:50","date_gmt":"2015-06-29T12:43:50","guid":{"rendered":"https:\/\/apps.atilf.fr\/homepages\/?page_id=19"},"modified":"2025-03-20T16:30:12","modified_gmt":"2025-03-20T15:30:12","slug":"animations","status":"publish","type":"page","link":"https:\/\/perso.atilf.fr\/vbarrouillet\/animations\/","title":{"rendered":"M\u00e9diation scientifique"},"content":{"rendered":"<p>Mon go\u00fbt pour la m\u00e9diation scientifique s&rsquo;est d\u00e9velopp\u00e9 au fil de ma th\u00e8se, et m&rsquo;a conduit \u00e0 participer \u00e0 :<\/p>\n<ul>\n<li>La nuit europ\u00e9enne des chercheurs 2023, voir l&rsquo;<a href=\"https:\/\/factuel.univ-lorraine.fr\/node\/24220\">interview sur Factuel<\/a><\/li>\n<li>Pint of Science 2023, voir la <a href=\"https:\/\/www.atilf.fr\/recherche\/manifestations\/retour-sur\/retour-sur-pint-of-science-2024\/\">pr\u00e9sentation de l&rsquo;\u00e9v\u00e8nement<\/a><\/li>\n<li>Speed Searching 2023 de l&rsquo;Atilf, voir la <a href=\"https:\/\/factuel.univ-lorraine.fr\/node\/24986\">pr\u00e9sentation de l&rsquo;\u00e9v\u00e8nement<\/a><\/li>\n<\/ul>\n<p>Enfin, comme point culminant, j&rsquo;ai particip\u00e9 au\u00a0concours <a href=\"https:\/\/www.univ-lorraine.fr\/culture\/culturesci\/180secondes\/\"><em>Ma th\u00e8se en 180 secondes<\/em><\/a>, \u00e9dition 2025, et, lors de la finale acad\u00e9mique <a href=\"https:\/\/ultv.univ-lorraine.fr\/video\/20851-ma-these-en-180-secondes-finale-de-luniversite-de-lorraine-14-mars-2025\/\">disponible ici<\/a>, j&rsquo;ai remport\u00e9 le 3\u00e8me prix.<\/p>\n","protected":false},"excerpt":{"rendered":"<p>Mon go\u00fbt pour la m\u00e9diation scientifique s&rsquo;est d\u00e9velopp\u00e9 au fil de ma th\u00e8se, et m&rsquo;a conduit \u00e0 participer \u00e0 : La nuit europ\u00e9enne des chercheurs 2023, voir l&rsquo;interview sur Factuel Pint of Science 2023, voir la pr\u00e9sentation de l&rsquo;\u00e9v\u00e8nement Speed Searching 2023 de l&rsquo;Atilf, voir la pr\u00e9sentation de l&rsquo;\u00e9v\u00e8nement Enfin, comme point culminant, j&rsquo;ai particip\u00e9 [&hellip;]<\/p>\n","protected":false},"author":1,"featured_media":0,"parent":0,"menu_order":0,"comment_status":"closed","ping_status":"closed","template":"","meta":{"footnotes":""},"class_list":["post-19","page","type-page","status-publish","hentry"],"_links":{"self":[{"href":"https:\/\/perso.atilf.fr\/vbarrouillet\/wp-json\/wp\/v2\/pages\/19","targetHints":{"allow":["GET"]}}],"collection":[{"href":"https:\/\/perso.atilf.fr\/vbarrouillet\/wp-json\/wp\/v2\/pages"}],"about":[{"href":"https:\/\/perso.atilf.fr\/vbarrouillet\/wp-json\/wp\/v2\/types\/page"}],"author":[{"embeddable":true,"href":"https:\/\/perso.atilf.fr\/vbarrouillet\/wp-json\/wp\/v2\/users\/1"}],"replies":[{"embeddable":true,"href":"https:\/\/perso.atilf.fr\/vbarrouillet\/wp-json\/wp\/v2\/comments?post=19"}],"version-history":[{"count":11,"href":"https:\/\/perso.atilf.fr\/vbarrouillet\/wp-json\/wp\/v2\/pages\/19\/revisions"}],"predecessor-version":[{"id":366,"href":"https:\/\/perso.atilf.fr\/vbarrouillet\/wp-json\/wp\/v2\/pages\/19\/revisions\/366"}],"wp:attachment":[{"href":"https:\/\/perso.atilf.fr\/vbarrouillet\/wp-json\/wp\/v2\/media?parent=19"}],"curies":[{"name":"wp","href":"https:\/\/api.w.org\/{rel}","templated":true}]}}

Médiation scientifique

<p>Mon goût pour la médiation scientifique s&rsquo;est développé au fil de ma thèse, et m&rsquo;a conduit à participer à :</p>
<ul>
<li>La nuit européenne des chercheurs 2023, voir l&rsquo;<a href="https://factuel.univ-lorraine.fr/node/24220">interview sur Factuel</a></li>
<li>Pint of Science 2023, voir la <a href="https://www.atilf.fr/recherche/manifestations/retour-sur/retour-sur-pint-of-science-2024/">présentation de l&rsquo;évènement</a></li>
<li>Speed Searching 2023 de l&rsquo;Atilf, voir la <a href="https://factuel.univ-lorraine.fr/node/24986">présentation de l&rsquo;évènement</a></li>
</ul>
<p>Enfin, comme point culminant, j&rsquo;ai participé au concours <a href="https://www.univ-lorraine.fr/culture/culturesci/180secondes/"><em>Ma thèse en 180 secondes</em></a>, édition 2025, et, lors de la finale académique <a href="https://ultv.univ-lorraine.fr/video/20851-ma-these-en-180-secondes-finale-de-luniversite-de-lorraine-14-mars-2025/">disponible ici</a>, j&rsquo;ai remporté le 3ème prix.</p>

<p>Mon goût pour la médiation scientifique s&rsquo;est développé au fil de ma thèse, et m&rsquo;a conduit à participer à : La nuit européenne des chercheurs 2023, voir l&rsquo;interview sur Factuel Pint of Science 2023, voir la présentation de l&rsquo;évènement Speed Searching 2023 de l&rsquo;Atilf, voir la présentation de l&rsquo;évènement Enfin, comme point culminant, j&rsquo;ai participé [&hellip;]</p>
