{"id":362,"date":"2025-03-20T16:07:15","date_gmt":"2025-03-20T15:07:15","guid":{"rendered":"https:\/\/perso.atilf.fr\/vbarrouillet\/?page_id=362"},"modified":"2025-03-20T16:31:54","modified_gmt":"2025-03-20T15:31:54","slug":"le-cordon-tournesol","status":"publish","type":"page","link":"https:\/\/perso.atilf.fr\/vbarrouillet\/le-cordon-tournesol\/","title":{"rendered":"Le Cordon Tournesol"},"content":{"rendered":"<p>Le Cordon Tournesol est un tour de coup symbolisant le handicap invisible.<\/p>\n<p>J&rsquo;ai choisi de le porter pour visibiliser mon handicap, puisque je suis porteur d&rsquo;un trouble autistique.<\/p>\n<p>&nbsp;<\/p>\n<p>Pour en savoir plus, je vous invite \u00e0 lire <a href=\"https:\/\/factuel.univ-lorraine.fr\/node\/29046\">l&rsquo;interview qui a \u00e9t\u00e9 faite \u00e0 ce sujet<\/a>.<\/p>\n<p>&nbsp;<\/p>\n","protected":false},"excerpt":{"rendered":"<p>Le Cordon Tournesol est un tour de coup symbolisant le handicap invisible. J&rsquo;ai choisi de le porter pour visibiliser mon handicap, puisque je suis porteur d&rsquo;un trouble autistique. &nbsp; Pour en savoir plus, je vous invite \u00e0 lire l&rsquo;interview qui a \u00e9t\u00e9 faite \u00e0 ce sujet. &nbsp;<\/p>\n","protected":false},"author":108,"featured_media":0,"parent":0,"menu_order":0,"comment_status":"closed","ping_status":"closed","template":"","meta":{"footnotes":""},"class_list":["post-362","page","type-page","status-publish","hentry"],"_links":{"self":[{"href":"https:\/\/perso.atilf.fr\/vbarrouillet\/wp-json\/wp\/v2\/pages\/362","targetHints":{"allow":["GET"]}}],"collection":[{"href":"https:\/\/perso.atilf.fr\/vbarrouillet\/wp-json\/wp\/v2\/pages"}],"about":[{"href":"https:\/\/perso.atilf.fr\/vbarrouillet\/wp-json\/wp\/v2\/types\/page"}],"author":[{"embeddable":true,"href":"https:\/\/perso.atilf.fr\/vbarrouillet\/wp-json\/wp\/v2\/users\/108"}],"replies":[{"embeddable":true,"href":"https:\/\/perso.atilf.fr\/vbarrouillet\/wp-json\/wp\/v2\/comments?post=362"}],"version-history":[{"count":2,"href":"https:\/\/perso.atilf.fr\/vbarrouillet\/wp-json\/wp\/v2\/pages\/362\/revisions"}],"predecessor-version":[{"id":367,"href":"https:\/\/perso.atilf.fr\/vbarrouillet\/wp-json\/wp\/v2\/pages\/362\/revisions\/367"}],"wp:attachment":[{"href":"https:\/\/perso.atilf.fr\/vbarrouillet\/wp-json\/wp\/v2\/media?parent=362"}],"curies":[{"name":"wp","href":"https:\/\/api.w.org\/{rel}","templated":true}]}}

<p>Le Cordon Tournesol est un tour de coup symbolisant le handicap invisible.</p>
<p>J&rsquo;ai choisi de le porter pour visibiliser mon handicap, puisque je suis porteur d&rsquo;un trouble autistique.</p>
<p>&nbsp;</p>
<p>Pour en savoir plus, je vous invite à lire <a href="https://factuel.univ-lorraine.fr/node/29046">l&rsquo;interview qui a été faite à ce sujet</a>.</p>
<p>&nbsp;</p>

<p>Le Cordon Tournesol est un tour de coup symbolisant le handicap invisible. J&rsquo;ai choisi de le porter pour visibiliser mon handicap, puisque je suis porteur d&rsquo;un trouble autistique. &nbsp; Pour en savoir plus, je vous invite à lire l&rsquo;interview qui a été faite à ce sujet. &nbsp;</p>
