{"id":370,"date":"2025-12-03T14:26:52","date_gmt":"2025-12-03T13:26:52","guid":{"rendered":"https:\/\/perso.atilf.fr\/vbarrouillet\/?page_id=370"},"modified":"2025-12-03T14:26:55","modified_gmt":"2025-12-03T13:26:55","slug":"communications-scientifiques","status":"publish","type":"page","link":"https:\/\/perso.atilf.fr\/vbarrouillet\/communications-scientifiques\/","title":{"rendered":"Communications scientifiques"},"content":{"rendered":"<p>Journ\u00e9e d\u2019\u00e9tude des doctorants de l\u2019ATILF<\/p>\n<p>Communication par poster \u00e0 la journ\u00e9e scientifique de l&rsquo;\u00e9cole doctorale<\/p>\n<p>Communication Journ\u00e9e de Rentr\u00e9e de l\u2019ATILF 2023<\/p>\n<p>Soutenance publique de Poster\u00a0: \u00ab\u00a0Toward an automatic identification of discontinuities in the pathological discourse of patient with schizophrenia\u00a0\u00bb<\/p>\n<p>Communication Journ\u00e9e de Rentr\u00e9e de l\u2019ATILF 2025<\/p>\n","protected":false},"excerpt":{"rendered":"<p>Journ\u00e9e d\u2019\u00e9tude des doctorants de l\u2019ATILF Communication par poster \u00e0 la journ\u00e9e scientifique de l&rsquo;\u00e9cole doctorale Communication Journ\u00e9e de Rentr\u00e9e de l\u2019ATILF 2023 Soutenance publique de Poster\u00a0: \u00ab\u00a0Toward an automatic identification of discontinuities in the pathological discourse of patient with schizophrenia\u00a0\u00bb Communication Journ\u00e9e de Rentr\u00e9e de l\u2019ATILF 2025<\/p>\n","protected":false},"author":108,"featured_media":0,"parent":0,"menu_order":0,"comment_status":"closed","ping_status":"closed","template":"","meta":{"footnotes":""},"class_list":["post-370","page","type-page","status-publish","hentry"],"_links":{"self":[{"href":"https:\/\/perso.atilf.fr\/vbarrouillet\/wp-json\/wp\/v2\/pages\/370","targetHints":{"allow":["GET"]}}],"collection":[{"href":"https:\/\/perso.atilf.fr\/vbarrouillet\/wp-json\/wp\/v2\/pages"}],"about":[{"href":"https:\/\/perso.atilf.fr\/vbarrouillet\/wp-json\/wp\/v2\/types\/page"}],"author":[{"embeddable":true,"href":"https:\/\/perso.atilf.fr\/vbarrouillet\/wp-json\/wp\/v2\/users\/108"}],"replies":[{"embeddable":true,"href":"https:\/\/perso.atilf.fr\/vbarrouillet\/wp-json\/wp\/v2\/comments?post=370"}],"version-history":[{"count":3,"href":"https:\/\/perso.atilf.fr\/vbarrouillet\/wp-json\/wp\/v2\/pages\/370\/revisions"}],"predecessor-version":[{"id":373,"href":"https:\/\/perso.atilf.fr\/vbarrouillet\/wp-json\/wp\/v2\/pages\/370\/revisions\/373"}],"wp:attachment":[{"href":"https:\/\/perso.atilf.fr\/vbarrouillet\/wp-json\/wp\/v2\/media?parent=370"}],"curies":[{"name":"wp","href":"https:\/\/api.w.org\/{rel}","templated":true}]}}

<p>Journée d’étude des doctorants de l’ATILF</p>
<p>Communication par poster à la journée scientifique de l&rsquo;école doctorale</p>
<p>Communication Journée de Rentrée de l’ATILF 2023</p>
<p>Soutenance publique de Poster : « Toward an automatic identification of discontinuities in the pathological discourse of patient with schizophrenia »</p>
<p>Communication Journée de Rentrée de l’ATILF 2025</p>

<p>Journée d’étude des doctorants de l’ATILF Communication par poster à la journée scientifique de l&rsquo;école doctorale Communication Journée de Rentrée de l’ATILF 2023 Soutenance publique de Poster : « Toward an automatic identification of discontinuities in the pathological discourse of patient with schizophrenia » Communication Journée de Rentrée de l’ATILF 2025</p>
