{"id":23,"date":"2015-06-29T13:44:14","date_gmt":"2015-06-29T12:44:14","guid":{"rendered":"https:\/\/apps.atilf.fr\/homepages\/vmontemo\/?page_id=23"},"modified":"2016-09-08T14:28:17","modified_gmt":"2016-09-08T13:28:17","slug":"cv","status":"publish","type":"page","link":"https:\/\/perso.atilf.fr\/vmontemo\/cv\/","title":{"rendered":"CV"},"content":{"rendered":"<p>Je m&rsquo;appelle Mimi le Chat<\/p>\n<p><a href=\"https:\/\/perso.atilf.fr\/vmontemo\/wp-content\/uploads\/sites\/57\/2015\/06\/IMG_0862.jpg\"><img loading=\"lazy\" decoding=\"async\" class=\"alignnone size-medium wp-image-205\" src=\"https:\/\/perso.atilf.fr\/vmontemo\/wp-content\/uploads\/sites\/57\/2015\/06\/IMG_0862-300x224.jpg\" alt=\"img_0862\" width=\"300\" height=\"224\" srcset=\"https:\/\/perso.atilf.fr\/vmontemo\/wp-content\/uploads\/sites\/57\/2015\/06\/IMG_0862-300x224.jpg 300w, https:\/\/perso.atilf.fr\/vmontemo\/wp-content\/uploads\/sites\/57\/2015\/06\/IMG_0862.jpg 640w\" sizes=\"auto, (max-width: 300px) 100vw, 300px\" \/><\/a><\/p>\n<p><span style=\"text-decoration: underline\"><strong>T\u00e9l\u00e9chargement<\/strong><\/span><\/p>\n<p><span style=\"text-decoration: underline\"><strong>Formation<\/strong><\/span><\/p>\n<p><span style=\"text-decoration: underline\"><strong>Exp\u00e9rience professionnelle<\/strong><\/span><\/p>\n<p>&nbsp;<\/p>\n","protected":false},"excerpt":{"rendered":"<p>Je m&rsquo;appelle Mimi le Chat T\u00e9l\u00e9chargement Formation Exp\u00e9rience professionnelle &nbsp;<\/p>\n","protected":false},"author":1,"featured_media":0,"parent":0,"menu_order":0,"comment_status":"closed","ping_status":"closed","template":"","meta":{"footnotes":""},"class_list":["post-23","page","type-page","status-publish","hentry"],"_links":{"self":[{"href":"https:\/\/perso.atilf.fr\/vmontemo\/wp-json\/wp\/v2\/pages\/23","targetHints":{"allow":["GET"]}}],"collection":[{"href":"https:\/\/perso.atilf.fr\/vmontemo\/wp-json\/wp\/v2\/pages"}],"about":[{"href":"https:\/\/perso.atilf.fr\/vmontemo\/wp-json\/wp\/v2\/types\/page"}],"author":[{"embeddable":true,"href":"https:\/\/perso.atilf.fr\/vmontemo\/wp-json\/wp\/v2\/users\/1"}],"replies":[{"embeddable":true,"href":"https:\/\/perso.atilf.fr\/vmontemo\/wp-json\/wp\/v2\/comments?post=23"}],"version-history":[{"count":9,"href":"https:\/\/perso.atilf.fr\/vmontemo\/wp-json\/wp\/v2\/pages\/23\/revisions"}],"predecessor-version":[{"id":204,"href":"https:\/\/perso.atilf.fr\/vmontemo\/wp-json\/wp\/v2\/pages\/23\/revisions\/204"}],"wp:attachment":[{"href":"https:\/\/perso.atilf.fr\/vmontemo\/wp-json\/wp\/v2\/media?parent=23"}],"curies":[{"name":"wp","href":"https:\/\/api.w.org\/{rel}","templated":true}]}}

<p>Je m&rsquo;appelle Mimi le Chat</p>
<p><a href="https://perso.atilf.fr/vmontemo/wp-content/uploads/sites/57/2015/06/IMG_0862.jpg"><img loading="lazy" decoding="async" class="alignnone size-medium wp-image-205" src="https://perso.atilf.fr/vmontemo/wp-content/uploads/sites/57/2015/06/IMG_0862-300x224.jpg" alt="img_0862" width="300" height="224" srcset="https://perso.atilf.fr/vmontemo/wp-content/uploads/sites/57/2015/06/IMG_0862-300x224.jpg 300w, https://perso.atilf.fr/vmontemo/wp-content/uploads/sites/57/2015/06/IMG_0862.jpg 640w" sizes="auto, (max-width: 300px) 100vw, 300px" /></a></p>
<p><span style="text-decoration: underline"><strong>Téléchargement</strong></span></p>
<p><span style="text-decoration: underline"><strong>Formation</strong></span></p>
<p><span style="text-decoration: underline"><strong>Expérience professionnelle</strong></span></p>
<p>&nbsp;</p>

<p>Je m&rsquo;appelle Mimi le Chat Téléchargement Formation Expérience professionnelle &nbsp;</p>
