{"id":17,"date":"2015-06-29T13:43:37","date_gmt":"2015-06-29T12:43:37","guid":{"rendered":"https:\/\/apps.atilf.fr\/homepages\/vprivas\/?page_id=17"},"modified":"2025-12-18T10:31:54","modified_gmt":"2025-12-18T09:31:54","slug":"publications","status":"publish","type":"page","link":"https:\/\/perso.atilf.fr\/vprivas\/publications\/","title":{"rendered":"Publications"},"content":{"rendered":"<p><span style=\"color: #000000\"><b>Ouvrages<\/b><\/span><\/p>\n<p>Privas-Br\u00e9aut\u00e9, V. (2026). Occuper<em> la sc\u00e8ne, habiter la langue. <\/em><i>Le th\u00e9\u00e2tre immersif et les exp\u00e9riences immersives augment\u00e9es dans une approche \u00e9nactionnelle en didactique des langues<\/i>. (titre provisoire).<\/p>\n<p>Gadille, M., Impedovo, M.A., R\u00e9mon, J., <strong>Privas-Br\u00e9aut\u00e9, V<\/strong>., Feuilladieu, S. et Tessadu, T. (2026). <em>Le coll\u00e8ge virtuel \u00e0 l\u2019\u00e9preuve des enseignants et des \u00e9l\u00e8ves<\/em> (titre provisoire). [Manuscrit soumis \u00e0 publication].<\/p>\n<p>Privas-Br\u00e9aut\u00e9, V. (2018).<em>\u00a0Immersion dans le conflit nord-irlandais : Le th\u00e9\u00e2tre didactique de Stewart Parker (1941-1988) et Anne Devlin (1951-)<\/em>. Editions Pers\u00e9e, collection l\u2019Arbre du Savoir. ISBN 978-2-8231-1896-4<\/p>\n<p><strong>Coordination\u00a0<\/strong><\/p>\n<p>Privas-Br\u00e9aut\u00e9, V. (dir.). (2026). <em>English Teacher Training in a 21st century, globalized world<\/em>. Editions Peter Lang.<\/p>\n<p>Privas-Br\u00e9aut\u00e9, V. (dir.) (2024). <em>Du recueil de donn\u00e9es \u00e0 l\u2019analyse des corpus en didactique des langues : \u00c9thique, proc\u00e9dure, outils, moyen<\/em>s. Presses Universitaires de Rennes, collection Paideia. EAN : 9782753592452<\/p>\n<p>R\u00e9mon, J. &amp; <strong>Privas-Br\u00e9aut\u00e9, V.<\/strong> (2018). Confiance, reliance et apprentissage des langues dans l\u2019enseignement sup\u00e9rieur. <a href=\"https:\/\/journals.openedition.org\/apliut\/5818\"><em><span lang=\"EN-US\">Recherche et Pratiques P\u00e9dagogiques en langues de sp\u00e9cialit\u00e9,\u00a0<\/span>Les Cahiers de l\u2019APLIUT<\/em><\/a>, 37 (1), 1-13.<\/p>\n<p><strong>Articles dans des revues \u00e0 comit\u00e9 de lecture<\/strong><\/p>\n<p>Privas-Br\u00e9aut\u00e9, V. (2026). Du fragment au texte : vers une approche \u00e9nactionnelle de la po\u00e9sie en langues. <em>Les Langues modernes<\/em>. (soumis).<\/p>\n<p>Privas-Br\u00e9aut\u00e9, V. (2026). The Listening Body: Sensory and Embodied Learning in Shannon Yee\u2019s <em>Reassembled, Slightly Askew. <\/em>Revue <em>Coup de Th\u00e9\u00e2tre<\/em>. (soumis).<\/p>\n<p>Privas-Br\u00e9aut\u00e9, V. (2025). <a href=\"https:\/\/ojs.bilpub.com\/index.php\/jele\/article\/view\/729\">Augmented Enactive Learning: Fostering Environmental Awareness through AR Immersive Theater<\/a>. <em>Journal of Education and Learning Environments, 1 <\/em>(1).<\/p>\n<p>Privas-Br\u00e9aut\u00e9, V. (2024). <span class=\"text\"><span lang=\"en\" xml:lang=\"en\"><a href=\"https:\/\/journals.openedition.org\/alsic\/7477\">Creating new learning environments in virtual reality: Perceptions of English student-teachers<\/a>.<\/span><\/span>\u00a0<a href=\"https:\/\/journals.openedition.org\/alsic\/7477\"><em>Alsic<\/em><\/a>, <em>27<\/em> (1), 1-47.<\/p>\n<p>Privas-Br\u00e9aut\u00e9, V. (2023). <a href=\"https:\/\/njdrama.scholasticahq.com\/article\/89691-improvisation-and-role-play-as-enactive-pedagogical-devices-to-learn-and-teach-english-as-a-foreign-language\">Improvisation and Role-play as Enactive Pedagogical Devices to Learn and Teach English as a Foreign Language<\/a>, <em>NJ: Drama <\/em><em>Australia<\/em><em> Journal,<\/em><em> 46<\/em>(1).<\/p>\n<p>Privas-Br\u00e9aut\u00e9, V. (2023). R\u00e9alit\u00e9 virtuelle et apprentissage\/enseignement des langues : Dispositif de d\u00e9veloppement de comp\u00e9tences en autonomie. <a href=\"https:\/\/www.atilf.fr\/wp-content\/uploads\/publications\/MelangesCrapel\/Melanges_44_1_6_Privas-Breaute_2023.pdf\"><em>M\u00e9langes CRAPEL<\/em><\/a><a href=\"https:\/\/www.atilf.fr\/wp-content\/uploads\/publications\/MelangesCrapel\/Melanges_44_1_6_Privas-Breaute_2023.pdf\">, <\/a><em>44<\/em>(1), p. 99-120.<\/p>\n<div>\n<p style=\"text-align: left\" align=\"center\"><span dir=\"ltr\">R\u00e9mon, J. &amp; <strong>Privas-Br\u00e9aut\u00e9, V<\/strong>. (2023).Identit\u00e9 de locuteur, identit\u00e9 d\u2019enseignant : le dessin de blason comme outil de conscientisation de soi en formation d\u2019enseignants d\u2019anglais.<\/span>\u00a0<a href=\"http:\/\/journals.openedition.org\/apliut\/10564\"><em>Recherche et pratiques p\u00e9dagogiques en langues de sp\u00e9cialit\u00e9<\/em><\/a>, <em>42<\/em>(1), 1-63.<\/p>\n<\/div>\n<p>Gadille, M., Impedovo, M.-A., \u00a0Corvasce, C., R\u00e9mon, J. Feuilladieu, S. &amp; <strong>Privas-Br\u00e9aut\u00e9, V.<\/strong> (2022). Une recherche-action participative \u00e0 l\u2019\u00e9preuve des communaut\u00e9s de pratiques en \u00e9ducation.\u00a0<a href=\"https:\/\/journals.openedition.org\/rechercheformation\/9159?lang=en\"><em>Recherche et formation<\/em>,<\/a> 99, p.101-119.<\/p>\n<p>Privas-Br\u00e9aut\u00e9, V. (2022). Mise en sc\u00e8ne du corps d\u00e9mat\u00e9rialis\u00e9 de l\u2019apprenant en langues : La r\u00e9alit\u00e9 virtuelle comme dispositif enactif prometteur. <em>R<a href=\"http:\/\/journals.openedition.org\/apliut\/9830\">echerche et pratiques p\u00e9dagogiques en langues de sp\u00e9cialit\u00e9<\/a><\/em>, <em>41<\/em>(1), 1-47.<\/p>\n<p>Privas-Br\u00e9aut\u00e9, V. (2021).Int\u00e9grer la r\u00e9alit\u00e9 virtuelle dans les formations d\u2019enseignants en langues : Dispositif innovant immersif inscrit dans un paradigme enactif. <em><a href=\"https:\/\/edoc.hu-berlin.de\/bitstream\/handle\/18452\/22970\/LEM_2021_Vol%203_Complete%20Journal.pdf?sequence=1&amp;isAllowed=y\">The Langscape Journa<\/a>l<\/em>, <em>3<\/em>, p. 103-116.<\/p>\n<p>Privas-Br\u00e9aut\u00e9, V. (2020).Repr\u00e9sentations de la valeur didactique du jeu th\u00e9\u00e2tral en cours de \u00ab qualit\u00e9 linguistique de la langue orale \u00bb par divers \u00e9tudiants anglicistes de Master 2. <a href=\"http:\/\/journals.openedition.org\/rdlc\/8406\"><em>Recherches en didactique des langues et des cultures<\/em><\/a>, <em>17<\/em>(3), 1-40.<\/p>\n<p>Kalyaniwala, C., Ciekanski, M., Molle, N. &amp; <strong>Privas-Br\u00e9aut\u00e9, V<\/strong>. (2020). Real and perceived affordances of Immersive Virtual Environments in a language teacher-training context: effects on the design of learning tasks. <em><a href=\"https:\/\/www.e-publicacoes.uerj.br\/index.php\/re-doc\/issue\/view\/2028\">Revista Doc\u00eancia e Cibercultura, <\/a>4<\/em> (3), p. 83-111.<\/p>\n<p>Molle, N., Ciekanski, M. &amp; <strong>Privas-Br\u00e9aut\u00e9, V.<\/strong> (2020). La r\u00e9alit\u00e9 virtuelle comme vecteur d\u2019immersion pour apprendre les langues. <em>Etudes en Didactique des Langues, \u00a0\u00ab\u00a0Transmission et vecteurs\u00a0\u00bb<\/em>, <em>34<\/em>, p.60-89.<\/p>\n<div class=\"page\" title=\"Page 6\">\n<div class=\"layoutArea\">\n<div class=\"column\">\n<p><span class=\"articleEntryAuthorsLinks\"><span class=\"hlFld-Title\">Chateau, A., Ciekanski, M. Paris, J., Molle, N &amp; <strong>Privas-Br\u00e9aut\u00e9, V.<\/strong> (2019). Adding virtual reality to the university self-access language centre. <\/span><\/span><em><a href=\"https:\/\/online.liverpooluniversitypress.co.uk\/doi\/abs\/10.3828\/ejlp.2019.15\">European Journal of Language Policy,<\/a>\u00a0<\/em><span class=\"issueInfo\"><em>11<\/em>(2)<\/span><span class=\"articlePageRange \"><span class=\"issueInfoComma\">, <\/span>p. 257-274.\u00a0<\/span><\/p>\n<\/div>\n<\/div>\n<\/div>\n<p>Privas-Br\u00e9aut\u00e9, V. (2019). Drama Activities in a French Undergraduate Business School to Manage Speaking Anxiety in English.<span lang=\"EN-US\">\u00a0<em><a href=\"http:\/\/research.ucc.ie\/scenario\/2019\/02\/PrivasBreaute\/10\/en\">Scenario, Journal for performative language learning, teaching, research<\/a><\/em>, vol. XIII, n\u00b02, p.154-167.\u00a0<\/span><\/p>\n<p>Privas-Br\u00e9aut\u00e9, V. (2018). <a href=\"https:\/\/www.atilf.fr\/wp-content\/uploads\/publications\/MelangesCrapel\/file-41-5-1.pdf\">Le jeu et les techniques dramatiques en classe de langue : Un levier pour la co-construction des comp\u00e9tences professionnelles<\/a>. <em>M\u00e9langes CRAPEL, 38 (<\/em>2), p.77-93.<\/p>\n<p>Privas-Br\u00e9aut\u00e9, V. (2017). D\u00e9veloppement cognitif et apprentissage\/acquisition de l\u2019anglais langue des affaires en IUT \u00e0 travers le jeu : Utilisation des mondes virtuels. <em>Recherche et Pratiques P\u00e9dagogiques en Langues de Sp\u00e9cialit\u00e9 &#8211; <a href=\"https:\/\/apliut.revues.org\/5740\">Les Cahiers de l\u2019APLIUT<\/a><\/em>, \u00ab Jeux et Langues dans l\u2019enseignement sup\u00e9rieur \u00bb, <em>36<\/em> (2), 1-43.<\/p>\n<p>Privas-Br\u00e9aut\u00e9, V. (2017). Les mondes virtuels : Des dispositifs de cr\u00e9ation innovants pour d\u00e9velopper les comp\u00e9tences g\u00e9n\u00e9rales et langagi\u00e8res ? <em>Etudes en Didactique des Langues<\/em>, \u00abNouvelles voies, nouvelles voix \u00bb, 27, \u00a0p.43-56.<\/p>\n<p>Privas-Br\u00e9aut\u00e9, V. (2016). L\u2019apprentissage de l\u2019anglais par le jeu dramatique et les techniques dramatiques en IUT : dispositifs de professionnalisation et de socialisation. \u00a0<em>Lingua E Nuova Didattica, \u00ab\u00a0<\/em>Approcci teatrali nella didattica delle lingue. Parola, corpo, creazione\u00a0\u00bb. n\u00b0 2, p. 93-119.<\/p>\n<p>Privas-Br\u00e9aut\u00e9, V. (2016). Creating an avatar to become the \u201cspect-actor\u201d of one\u2019s learning of ESP. <em><a href=\"https:\/\/polipapers.upv.es\/index.php\/eurocall\/article\/view\/5695\/5716\">The Eurocall Review<\/a>,<\/em> 24(1), p. 40-52.<\/p>\n<p>Privas-Br\u00e9aut\u00e9, V. (2015). Dramatic Activities and ICTE in Language Acquisition: Learning a foreign language for professional\/specific purposes through role plays and online games. \u00a0<a href=\"https:\/\/mail.ikprress.org\/index.php\/JOGRESS\/article\/view\/2676\"><em>Journal of Global research in Education and social science<\/em>,<\/a> <em>3<\/em> (3), 132-136.<\/p>\n<p>Privas-Br\u00e9aut\u00e9, V. (2015). Au Carrefour du didactisme brechtien et de la r\u00e9sistance post-coloniale : <em>Protestants<\/em> (2004) de Robert Welch. <a href=\"http:\/\/postcolonialist.com\/civil-discourse\/au-carrefour-du-didactisme-brechtien-et-de-la-resistance-post-coloniale-protestants-2004-de-robert-welch\/\"><em>The Postcolonialist<\/em>, \u00abIntersectionality, class and (de)colonial praxis \u00bb<\/a>, <em>2<\/em> (2).<\/p>\n<p>Privas-Br\u00e9aut\u00e9, V. (2014). The Trinity of A New Age. Three struggling Women in Anne Devlin\u2019s <em>Ourselves Alone<\/em> (1986) and <em>After Easter<\/em> (1994). \u00a0<em>Folia Litteraria Polonica,<\/em> <em>2<\/em> (24), p. 139-150.<\/p>\n<p>Privas-Br\u00e9aut\u00e9, V. (2013). \u00a0Ex-centric Acts of Resistance in neo-Brechtian Didactic Drama: Owen McCafferty\u2019s <em>Mojo Mickybo<\/em> (1998). <em>Studi irlandesi<\/em>, \u00ab Ex-centric Ireland \u00bb, <em>3<\/em>, p.207-220.<\/p>\n<p>Privas-Br\u00e9aut\u00e9, V. (2013). Following in Caryl Churchill\u2019s footsteps : Rona Munro\u2019s neo-Brechtian Didactic Paratext in <em>Pandas<\/em> (2011). <em>Journal of Irish and Scottish Studies<\/em>, \u00abContested Witnesses in Irish and Scottish literature \u00bb, <em>7<\/em>(1) p. 173-190.<\/p>\n<p>Privas-Br\u00e9aut\u00e9, V. (2013). Le Jeu dramatique comme dispositif de consolidation des comp\u00e9tences en anglais \u00bb, \u00a0<em>Les Langues Modernes<\/em>, n\u00b01, 2013, p. 58-66.<\/p>\n<p>Privas-Br\u00e9aut\u00e9, V. (2013). De l\u2019Utilisation de la musique dans le th\u00e9\u00e2tre contemporain en Irlande du Nord. Les pi\u00e8ces de Christina Reid (<em>Tea in a China Cup<\/em>, 1983), Stewart Parker (<em>Pentecost<\/em>, 1987) et Marie Jones (<em>A Night in November<\/em>, 1994). <em>Atelier-Th\u00e9\u00e2tre<\/em>, <em>49<\/em>, p.19-27.<\/p>\n<p>Privas-Br\u00e9aut\u00e9, V. (2011). How to \u201creshape the Contours of Northern Irish Drama\u201d? The Neo-Brechtian Use of Music in <em>The Belle of The Belfast City<\/em> by Christina Reid. <em>Revue Coup de Th\u00e9\u00e2tre<\/em>, \u00ab Le musical, stage and screen \u00bb, <em>25<\/em>, p.185-202.<\/p>\n<p>Privas-Br\u00e9aut\u00e9, V. (2010). Monological Drama to re-define a Northern Irish Identity: <em>A Night in November<\/em> by Marie Jones. <em>Estudios Irlandeses<\/em>, 5, p.68-80.<\/p>\n<p>Privas-Br\u00e9aut\u00e9, V. (2010). <em>Mojo Mickybo<\/em> de Owen McCafferty. \u00a0<em><a href=\"https:\/\/journals.openedition.org\/agon\/1494\">Ag\u00f4n, Revue des arts de la sc\u00e8ne<\/a>, 3, <\/em>1-16.<\/p>\n<p>Privas-Br\u00e9aut\u00e9, V. (2010). Une Lueur d\u2019espoir au c\u0153ur des Troubles nord-irlandais : <em>Pentecost<\/em> de Stewart Parker. <em>Loxias<\/em>, 30.<\/p>\n<p>Privas-Br\u00e9aut\u00e9, V. (2010). Ali\u00e9nations et Gu\u00e9risons dans <em>After Easter<\/em> de Anne Devlin. <a href=\"https:\/\/journals.openedition.org\/lcc\/336\"><em>Les Chantiers de la cr\u00e9ation<\/em><\/a>, 3, 1-18.<\/p>\n<p><strong>Chapitres dans des ouvrages collectifs<\/strong><\/p>\n<p>Privas-Br\u00e9aut\u00e9, V. (2024). Virtual Reality in an Enactive Paradigm: Introducing New Educational Immersive Environments in Second Language Teacher Education. In Ahlers, T. et Senkbeil, K. (dirs.). <em>Virtual Reality in den Geisteswissenschaften \u2013 Konzepte, Methoden und interkulturelle Anwendungen [Virtual Reality in the Humanities \u2013 Concepts, Methods, and Intercultural Applications<\/em>]. (pp.131-154). Peter Lang.<\/p>\n<p>Privas-Br\u00e9aut\u00e9, V. (2023). Environnements virtuels immersifs pour l\u2019apprentissage des langues dans un paradigme enactif : quelle place pour l\u2019empathie et les \u00e9motions ? \u00a0In Aden, J., Eschenauer, S. &amp; Maitre de Pembroke, E. (dirs.). <i>Empathie et bienveillance au c\u0153ur de l\u2019apprenance.<\/i> (pp. 335-364). \u00c9ditions le Manuscrit.<\/p>\n<p>Privas-Br\u00e9aut\u00e9, V. (2019). Drama activities to create a positive language learning environment in higher education. In Domingues de Almeida, J. et al. (dirs.). <em>Para l\u00e1 da tarefa : implicar os estudantes na aprendizagem de l\u00ednguas estrangeiras no ensino superior. <\/em>(pp.292-309). FLUP.<\/p>\n<p>Privas-Br\u00e9aut\u00e9, V. (2012). \u201cWords, always Words, but no Action\u201d? : the Actor\u2019s Body as a Heterotopic Language in Bill Morrison\u2019s <em>The Marriage<\/em>. In Trench, R. (dir.). <em>Staging Thought: Essays on Irish Theatre, Scholarship and Practice. <\/em>(pp.93-109.)\u00a0Peter Lang.<\/p>\n<p>Privas-Br\u00e9aut\u00e9, V. (2011). Reshaping Northern Irish Drama after the GFA. Brechtian Epic Elements in <em>The Force of Change<\/em> (2000) by Gary Mitchell. In Neri, C. &amp; Villard, F. (dirs.). <em>Global Fences. Literatures, Limits, Borders. <\/em>(pp. 213-225)<em>. <\/em>p.131-154). Editions Universit\u00e9 Lyon 3.<\/p>\n<p><strong>Actes de colloque<\/strong><\/p>\n<p>Privas-Br\u00e9aut\u00e9, V. (2025). Immersive Virtual Reality Drama in Language Learning\/Teaching. In Giebert, S. &amp; G\u00f6ksel, E. (dirs.). <em>Dramap\u00e4dagogik-Tage 2023\/Drama in Education Days 2023 \u2013 Conference Proceedings of the 8th Annual Conference on Performative Language Teaching and Learning.<\/em> (sous presse).<\/p>\n<p>Privas-Br\u00e9aut\u00e9, V. (2025). \u00c9tude du v\u00e9cu ph\u00e9nom\u00e9nologique au prisme de la focalisation dans le th\u00e9\u00e2tre immersif augment\u00e9 pour explorer le d\u00e9veloppement des comp\u00e9tences des apprenants d\u2019anglais. In Garson, C. et Ronfard, R. (dirs). Actes des Journ\u00e9es d\u2019informatique th\u00e9\u00e2trale 2024, Avignon.\u00a0<a href=\"https:\/\/hal.science\/JIT\/hal-05138644v1\">https:\/\/hal.science\/JIT\/hal-05138644v1<\/a><\/p>\n<p>Privas-Br\u00e9aut\u00e9, V. (2025). Formation des enseignants de langues vivantes aux techniques th\u00e9\u00e2trales : Une proposition de mod\u00e9lisation. In \u00a0<em>Enseignement des langues et pratiques th\u00e9\u00e2trales : oralit\u00e9, mise en sc\u00e8ne, technicit\u00e9<\/em>. Colloque organis\u00e9 par le PLIDAM \/ INALCO. Editions Les Archives Contemporaines. \u00a0(sous presse).<\/p>\n<p><strong>Privas-Br\u00e9aut\u00e9, V.<\/strong> &amp; Ciekanski, M. (2022). Interagir dans la r\u00e9alit\u00e9 virtuelle : Au-del\u00e0 de l\u2019effet \u00abwow\u00bb, \u00e9tude de technologies immersives pour l\u2019apprentissage des langues en situation. In <a href=\"https:\/\/zenodo.org\/records\/6061164\"><i>Dr\u00f4les d&rsquo;objets : un nouvel art de faire<\/i><\/a>.<\/p>\n<p>Privas-Br\u00e9aut\u00e9, V. (2021). Drama Activities to Support Oral Communication and Interaction in English Language Learning in French Higher Education: Still a long way to go&#8230;. In Giebert, S. &amp; G\u00f6ksel, E. (dirs.). <a href=\"https:\/\/dramapaedagogik.de\/wp-content\/uploads\/proceedings2019\/final.pdf\">Dramap\u00e4dagogik-Tage 2019\/Drama in Education Days 2019 \u2013 Conference Proceedings of the 5th Annual Conference on Performative Language Teaching and Learning. (<\/a>pp. 53-67).<\/p>\n<p>Privas-Br\u00e9aut\u00e9, V. (2007). Stewart Parker (1941-1988) et Anne Devlin (1951-) : Porte-parole d\u2019une g\u00e9n\u00e9ration en p\u00e9ril. In Kimmel, F. &amp; Meszaros, T. (dirs.). <em>Discours sur l\u2019autre, discours sur soi. Constructions identitaires face \u00e0 l\u2019alt\u00e9rit\u00e9. <\/em>(pp. 73-89)<em>. <\/em>Publications de l\u2019Universit\u00e9 Jean Moulin-Lyon 3.<\/p>\n<p>Privas-Br\u00e9aut\u00e9, V. (2005). Le Belfast d\u2019Anne Devlin, entre Enfer et Paradis. In \u00a0Ramadier, B.-J. \u00a0(dir.), <em>Villes de Pierres, de Toile et de Papier. <\/em>(pp. 67-81).\u00a0 Publications de l\u2019Universit\u00e9 Jean Moulin -Lyon 3.<\/p>\n<p><strong>Comptes rendus d\u2019ouvrages<\/strong><\/p>\n<p>2018<\/p>\n<p>Tardieu, C. &amp; Eells, E. (dir., 2018), Livre Blanc de la formation en \u00e9tudes anglophones. Commission Formations de la Soci\u00e9t\u00e9 des Anglicistes de l&rsquo;Enseignement Sup\u00e9rieur, Paris. http:\/\/saesfrance.org\/mars-2018-publication-du-livre-blanc-de-la-formation-en-etudes-anglophones\/ in <a href=\"https:\/\/journals.openedition.org\/rdlc\/2962\">Les Cahiers de l&rsquo;ACEDLE, Quelles m\u00e9diations en didactique des langues et des cultures?<\/a>, n\u00b0 15-2, 2018.<\/p>\n<p>2012<\/p>\n<p>Dawe, Gerald &amp; Maria Johnston, Clare Wallace (eds.), Stewart Parker, <em>Dramatis Personae &amp; Other Writings<\/em>, Litteraria Pragensia, Prague: 2008 et Wallace, Clare (ed). <em>Stewart Parker, Television Plays<\/em>. Litteraria Pragensia, Prague: 2008. In <em>The Messenger, <\/em>revue litt\u00e9raire de \u201cThe European Society for the Study of English\u201d, 21.1, 2012, p. 85-89.<\/p>\n<p>2011<\/p>\n<p>Lonergan, Patrick (dir.), <em>The Methuen Drama Anthology of Irish Plays<\/em>. London: Methuen Drama, 2008. In <em>Etudes irlandaises<\/em>, n\u00b0 36-1, printemps 2011, p.195-6.<\/p>\n<p>2007<\/p>\n<p>Millar, Adrian, <em>Socio-ideological Fantasy and the Northern Ireland Conflict. The Other Side.<\/em> Manchester: Manchester University Press, 2006. In <em>Etudes irlandaises<\/em>, n\u00b0 32-1, printemps 2007, p.152-3.<\/p>\n<p><strong>Autres publications<\/strong><\/p>\n<p>Privas-Br\u00e9aut\u00e9, V. (2025). <em><a href=\"https:\/\/www.dramaandtheatre.co.uk\/content\/review\/review-the-war-of-the-worlds\">The War of the Worlds<\/a><\/em> &#8211; Reshaping Immersive Theatre for English as a Foreign Language Learning. <em>Drama &amp; Theatre Magazine<\/em>, Summer 1.<\/p>\n<p>Ciekanski, M. &amp; <strong>Privas-Br\u00e9aut\u00e9, V.<\/strong> (2019). <a href=\"https:\/\/hal.archives-ouvertes.fr\/hal-02378652\/document\">La r\u00e9alit\u00e9 virtuelle 3D en soutien des apprentissages de langues : le r\u00f4le du contexte de communication dans les environnements immersifs.<\/a><\/p>\n<p>Privas-Br\u00e9aut\u00e9, V. (2015). <a href=\"https:\/\/hal.science\/halshs-01071474\/\">Evolution de la profession d\u2019enseignant de langue vivante gr\u00e2ce aux TICE<\/a>. Ludomag, cha\u00eene d\u2019information sur le digital et l\u2019\u00e9ducation.<\/p>\n","protected":false},"excerpt":{"rendered":"<p>Ouvrages Privas-Br\u00e9aut\u00e9, V. (2026). Occuper la sc\u00e8ne, habiter la langue. Le th\u00e9\u00e2tre immersif et les exp\u00e9riences immersives augment\u00e9es dans une approche \u00e9nactionnelle en didactique des langues. (titre provisoire). Gadille, M., Impedovo, M.A., R\u00e9mon, J., Privas-Br\u00e9aut\u00e9, V., Feuilladieu, S. et Tessadu, &hellip; <a href=\"https:\/\/perso.atilf.fr\/vprivas\/publications\/\">Continuer la lecture <span class=\"meta-nav\">&rarr;<\/span><\/a><\/p>\n","protected":false},"author":1,"featured_media":0,"parent":0,"menu_order":0,"comment_status":"closed","ping_status":"closed","template":"","meta":{"footnotes":""},"class_list":["post-17","page","type-page","status-publish","hentry"],"_links":{"self":[{"href":"https:\/\/perso.atilf.fr\/vprivas\/wp-json\/wp\/v2\/pages\/17","targetHints":{"allow":["GET"]}}],"collection":[{"href":"https:\/\/perso.atilf.fr\/vprivas\/wp-json\/wp\/v2\/pages"}],"about":[{"href":"https:\/\/perso.atilf.fr\/vprivas\/wp-json\/wp\/v2\/types\/page"}],"author":[{"embeddable":true,"href":"https:\/\/perso.atilf.fr\/vprivas\/wp-json\/wp\/v2\/users\/1"}],"replies":[{"embeddable":true,"href":"https:\/\/perso.atilf.fr\/vprivas\/wp-json\/wp\/v2\/comments?post=17"}],"version-history":[{"count":158,"href":"https:\/\/perso.atilf.fr\/vprivas\/wp-json\/wp\/v2\/pages\/17\/revisions"}],"predecessor-version":[{"id":878,"href":"https:\/\/perso.atilf.fr\/vprivas\/wp-json\/wp\/v2\/pages\/17\/revisions\/878"}],"wp:attachment":[{"href":"https:\/\/perso.atilf.fr\/vprivas\/wp-json\/wp\/v2\/media?parent=17"}],"curies":[{"name":"wp","href":"https:\/\/api.w.org\/{rel}","templated":true}]}}