{"id":19,"date":"2015-06-29T13:43:50","date_gmt":"2015-06-29T12:43:50","guid":{"rendered":"https:\/\/apps.atilf.fr\/homepages\/vprivas\/?page_id=19"},"modified":"2025-12-18T10:22:40","modified_gmt":"2025-12-18T09:22:40","slug":"animations","status":"publish","type":"page","link":"https:\/\/perso.atilf.fr\/vprivas\/animations\/","title":{"rendered":"Organisation d&rsquo;\u00e9v\u00e8nements scientifiques"},"content":{"rendered":"<p><strong>2025-2026<\/strong><\/p>\n<p>Co-responsable de l&rsquo;atelier ARDAA du 65\u00e8me Congr\u00e8s de la SAES, Poitiers.<\/p>\n<p><strong>2024<\/strong><\/p>\n<p>Co-pr\u00e9sidente du comit\u00e9 d&rsquo;organisation du 63\u00e8me congr\u00e8s de la SAES (soci\u00e9t\u00e9 des anglicistes de l&rsquo;enseignement sup\u00e9rieur), Universit\u00e9 de Lorraine, Nancy.\u00a0<a href=\"https:\/\/congres2024.saesfrance.org\/\">https:\/\/congres2024.saesfrance.org\/<\/a><\/p>\n<p>Membre du comit\u00e9 de pilotage et co-responsable de la commission scientifique \u00a0d&rsquo;organisation du 1er colloque international en didactique de l&rsquo;anglais (ARDAA), Paris, Sorbonne nouvelle.\u00a0<a href=\"https:\/\/ardaa2024.sciencesconf.org\">https:\/\/ardaa2024.sciencesconf.org<\/a><\/p>\n<p>Membre du comit\u00e9 scientifique du colloque \u00ab\u00a0Langues, cultures et vins en France et dans les pays germanophones et anglophones\u00a0\u00bb, Universit\u00e9 de Lorraine.\u00a0<a href=\"https:\/\/languesculturesvins.sciencesconf.org\/\">https:\/\/languesculturesvins.sciencesconf.org\/<\/a><\/p>\n<p><strong>2023<\/strong><\/p>\n<p>Membre du comit\u00e9 scientifique du 43\u00e8me congr\u00e8s de l&rsquo;APLIUT, \u00ab\u00a0L&rsquo;approche par comp\u00e9tences\u00a0\u00bb, P\u00e9rigueux.<\/p>\n<p>Co-responsable de l&rsquo;atelier ARDAA, 62\u00e8me congr\u00e8s de la SAES, Rennes.<\/p>\n<p><strong>2021<\/strong><\/p>\n<p>Co-organisatrice de l&rsquo;anniversaire de l&rsquo;ATILF et organisation des <a href=\"https:\/\/20ans.atilf.fr\/seminaires-des-20-ans\/\">s\u00e9minaires de recherche<\/a> dans le cadre des 20 ans de l&rsquo;ATILF<\/p>\n<p><strong>2020<\/strong><\/p>\n<p>Journ\u00e9e d&rsquo;\u00e9tude\u00a0\u00ab Du recueil de donn\u00e9es \u00e0 l&rsquo;analyse des corpus en didactique de l\u2019anglais : \u00e9thique, proc\u00e9dure, outils, moyens \u00bb, Nancy, 24 janvier 2020\u00a0<a href=\"https:\/\/www.atilf.fr\/recherche\/manifestations\/colloques\/20200124-journee-detude\/\">http:\/\/www.atilf.fr\/spip.php?rubrique674<\/a><\/p>\n<p><a href=\"https:\/\/videos.univ-lorraine.fr\/video.php?id=9844\">vid\u00e9o 1\u00e8re partie<\/a><\/p>\n<p><a href=\"https:\/\/videos.univ-lorraine.fr\/video.php?id=9843\">vid\u00e9o 2\u00e8me partie\u00a0<\/a><\/p>\n<p><strong>2018<\/strong><\/p>\n<p>Co-organisatrice de la journ\u00e9e d&rsquo;\u00e9tude \u00ab\u00a0Les immersions linguistiques appuy\u00e9es et augment\u00e9es par le num\u00e9rique : Mobilit\u00e9s , Interactions , Virtualit\u00e9s , Authenticit\u00e9s ?\u00a0\u00bb, Universit\u00e9 de Lorraine, Nancy, 20 d\u00e9cembre 2018.\u00a0<a href=\"https:\/\/www.atilf.fr\/recherche\/manifestations\/colloques\/historique-2018-colloques-je\/20181220-je-les-immersions-linguistiques-appuyees-et-augmentees-par-le-numerique-mobilites-interactions-virtualites-authenticites\/\">https:\/\/www.atilf.fr\/recherche\/manifestations\/colloques\/historique-2018-colloques-je\/20181220-je-les-immersions-linguistiques-appuyees-et-augmentees-par-le-numerique-mobilites-interactions-virtualites-authenticites\/<\/a><\/p>\n<p>Membre du comit\u00e9 scientifique de la journ\u00e9e d&rsquo;\u00e9tude \u00ab\u00a0Enseignement\/apprentissage de langue de sp\u00e9cialit\u00e9, professionnelle ou\u00a0g\u00e9n\u00e9rale : quels besoins, objectifs, approches et supports ?\u00a0\u00bb, Paris 1 &#8211; Universit\u00e9 de La Sorbonne, jeudi 13 d\u00e9cembre 2018.<\/p>\n<p><strong>2017<\/strong><\/p>\n<p>Membre du Comit\u00e9 scientifique du\u00a039\u00e8me Congr\u00e8s de l\u2019APLIUT,\u00a08,9 et 10 Juin 2017 \u00e0\u00a0l\u2019IUT Paris Diderot ( Paris VII), et Paris Descartes (Paris V)\u00a0sur le th\u00e8me: \u00ab Le corps et la voix dans l\u2019enseignement-apprentissage des langues \u00bb\u00a0<a href=\"https:\/\/apliut2017.sciencesconf.org\">https:\/\/apliut2017.sciencesconf.org<\/a><\/p>\n<p><strong>2016<\/strong><\/p>\n<p>Co-organisation de la journ\u00e9e d\u2019\u00e9tude \u00ab\u00a0Certification et \u00e9valuation en Lansad : Bilan et perspectives \u00e0 l\u2019universit\u00e9 de Lyon\u00a0\u00bb, Lyon, juin 2016.<\/p>\n<p><strong>2015<\/strong><\/p>\n<p>Membre du comit\u00e9 d\u2019organisation du colloque \u00ab Anglais de sp\u00e9cialit\u00e9 et milieux professionnels \u00bb, Lyon 3 et Grenoble 2, d\u00e9cembre 2015.<\/p>\n<p>Organisation de la journ\u00e9e d\u2019\u00e9tude \u00ab\u00a0Art et transmission des langues et cultures \u00e9trang\u00e8res\u00a0\u00bb (professeur invit\u00e9 : Maurice Fitzpatrick, cin\u00e9aste irlandais et enseignant \u00e0 l\u2019universit\u00e9 de Cologne). Lyon, novembre 2015.<\/p>\n","protected":false},"excerpt":{"rendered":"<p>2025-2026 Co-responsable de l&rsquo;atelier ARDAA du 65\u00e8me Congr\u00e8s de la SAES, Poitiers. 2024 Co-pr\u00e9sidente du comit\u00e9 d&rsquo;organisation du 63\u00e8me congr\u00e8s de la SAES (soci\u00e9t\u00e9 des anglicistes de l&rsquo;enseignement sup\u00e9rieur), Universit\u00e9 de Lorraine, Nancy.\u00a0https:\/\/congres2024.saesfrance.org\/ Membre du comit\u00e9 de pilotage et co-responsable &hellip; <a href=\"https:\/\/perso.atilf.fr\/vprivas\/animations\/\">Continuer la lecture <span class=\"meta-nav\">&rarr;<\/span><\/a><\/p>\n","protected":false},"author":1,"featured_media":0,"parent":0,"menu_order":0,"comment_status":"closed","ping_status":"closed","template":"","meta":{"footnotes":""},"class_list":["post-19","page","type-page","status-publish","hentry"],"_links":{"self":[{"href":"https:\/\/perso.atilf.fr\/vprivas\/wp-json\/wp\/v2\/pages\/19","targetHints":{"allow":["GET"]}}],"collection":[{"href":"https:\/\/perso.atilf.fr\/vprivas\/wp-json\/wp\/v2\/pages"}],"about":[{"href":"https:\/\/perso.atilf.fr\/vprivas\/wp-json\/wp\/v2\/types\/page"}],"author":[{"embeddable":true,"href":"https:\/\/perso.atilf.fr\/vprivas\/wp-json\/wp\/v2\/users\/1"}],"replies":[{"embeddable":true,"href":"https:\/\/perso.atilf.fr\/vprivas\/wp-json\/wp\/v2\/comments?post=19"}],"version-history":[{"count":32,"href":"https:\/\/perso.atilf.fr\/vprivas\/wp-json\/wp\/v2\/pages\/19\/revisions"}],"predecessor-version":[{"id":870,"href":"https:\/\/perso.atilf.fr\/vprivas\/wp-json\/wp\/v2\/pages\/19\/revisions\/870"}],"wp:attachment":[{"href":"https:\/\/perso.atilf.fr\/vprivas\/wp-json\/wp\/v2\/media?parent=19"}],"curies":[{"name":"wp","href":"https:\/\/api.w.org\/{rel}","templated":true}]}}