{"id":21,"date":"2015-06-29T13:44:07","date_gmt":"2015-06-29T12:44:07","guid":{"rendered":"https:\/\/apps.atilf.fr\/homepages\/wsayer\/?page_id=21"},"modified":"2021-11-09T14:38:40","modified_gmt":"2021-11-09T13:38:40","slug":"conferences-seminaires","status":"publish","type":"page","link":"https:\/\/perso.atilf.fr\/wsayer\/conferences-seminaires\/","title":{"rendered":"Conf\u00e9rences \/ S\u00e9minaires"},"content":{"rendered":"<p><span style=\"text-decoration: underline\"><strong>ANF 2020 LYON &#8211; Outils de d\u00e9ploiement 2\u00e8me session :<\/strong><\/span><\/p>\n<ul>\n<li>Le 04 novembre 2021, j&rsquo;ai particip\u00e9 en tant qu&rsquo;auditeur \u00e0 une JoSy sur le DNS \u00e0 l&rsquo;Universit\u00e9 de Jussieu avec l&rsquo;intervention de <a href=\"https:\/\/www.bortzmeyer.org\/\" target=\"_blank\" rel=\"noopener noreferrer\">St\u00e9phane Bortzmeyer<\/a>.<\/li>\n<\/ul>\n<ul>\n<li>J&rsquo;ai particip\u00e9 en tant qu&rsquo;intervenant du 7 au 10 septembre 2020, \u00e0 Lyon au centre Jean Bosco, sur la plateforme WDS\/MDT et le serveur Fusioninventory, plugin int\u00e9gr\u00e9 dans l&rsquo;application GLPi.<\/li>\n<\/ul>\n<p><span style=\"text-decoration: underline\"><strong><a href=\"https:\/\/ecoinfo.cnrs.fr\/2019\/04\/11\/formation-impact-environnemental-du-numerique-comprendre-et-agir-23-au-27-septembre-2019\/\" target=\"_blank\" rel=\"noopener noreferrer\">ANF 2019 AUTRANS<\/a> &#8211; Impact Environnemental du Num\u00e9rique :<\/strong><\/span><br \/> &laquo; Comprendre et Agir &raquo; \u2013 23 au 27 Septembre 2019.<\/p>\n<ul>\n<li>J&rsquo;ai particip\u00e9 en tant qu&rsquo;auditeur \u00e0 cette formation des impacts environnementaux des TICs, \u00e0 la fois dans un cadre global et dans nos pratiques quotidiennes. Cette formation m&rsquo;a beaucoup apport\u00e9 dans le cadre d&rsquo;une prise de conscience environnementale et dans le recyclage actif de nos d\u00e9chets au sein de l&rsquo;ATILF. C&rsquo;est pourquoi, je me suis rapproch\u00e9 de l&rsquo;Universit\u00e9 de Lorraine pour m&rsquo;int\u00e9grer dans leur programme de recyclage. Nous avons cette chance de le faire \u00e0 proximit\u00e9 \u00e0 l&rsquo;UFR Lettres.<\/li>\n<\/ul>\n<p><span style=\"text-decoration: underline\"><strong>JoSy ODS &#8211; Offres de Services :<\/strong><\/span><br \/>\nATILF &#8211; NANCY le 20 mai 2019<\/p>\n<ul>\n<li>J&rsquo;ai particip\u00e9 en tant que co-organisateur et en tant qu&rsquo;auditeur \u00e0 cette JoSy.<br \/>\n        <a href=\"https:\/\/webcast.in2p3.fr\/video\/introduction-josy-offre-de-service\" target=\"_blank\" rel=\"noopener noreferrer\">webcast<\/a><\/li>\n<p>        Les acteurs pr\u00e9sents : IN2P3, DSI CNRS, RENATER, Service Web du CNRS, HumaNum INSHS, CINES, Mathrice\n<\/ul>\n<p><span style=\"text-decoration: underline\"><strong>ANF 2018 LYON &#8211; Outils de d\u00e9ploiement :<br \/>\n<\/strong><\/span><\/p>\n<ul>\n<li>J&rsquo;ai particip\u00e9 en tant qu&rsquo;intervenant sur la plateforme WDS\/MDT en collaboration avec un coll\u00e8gue sous forme de TP.<\/li>\n<li>J&rsquo;ai assur\u00e9 seul la pr\u00e9sentation du serveur Fusioninventory install\u00e9 sur le serveur WEB GLPi.<\/li>\n<\/ul>\n<p><span style=\"text-decoration: underline\"><strong>2RCE &#8211; La virtualisation<\/strong><\/span><br \/>\nDijon le 30 mai 2013<\/p>\n<p><span style=\"text-decoration: underline\"><strong>2RCE &#8211; Le d\u00e9ploiement centralis\u00e9 de syst\u00e8mes d&rsquo;exploitation et de logiciels<\/strong><\/span><br \/>\nMontb\u00e9lliar le 7 juin 2012<\/p>\n<ul>\n<li>J&rsquo;ai particip\u00e9 en tant qu&rsquo;intervenant o\u00f9 j&rsquo;ai pr\u00e9sent\u00e9 le d\u00e9ploiement d&rsquo;un syst\u00e8me d&rsquo;exploitation Windows 7 Professional avec WDS et Acronis.<br \/> <br \/>\n    Quelles sont les diff\u00e9rences entre WDS et Acronis ? Et pourquoi, ces deux applications clients\/serveurs sont compl\u00e9mentaires dans le cas de mon laboratoire.<\/li>\n<p>    <a href=\"http:\/\/2rce.resinfo.org\/dokuwiki\/doku.php?id=2rce-programmes:2012:deploiement\">Le programme<\/a>\n<\/ul>\n","protected":false},"excerpt":{"rendered":"<p>ANF 2020 LYON &#8211; Outils de d\u00e9ploiement 2\u00e8me session : Le 04 novembre 2021, j&rsquo;ai particip\u00e9 en tant qu&rsquo;auditeur \u00e0 une JoSy sur le DNS \u00e0 l&rsquo;Universit\u00e9 de Jussieu avec l&rsquo;intervention de St\u00e9phane Bortzmeyer. J&rsquo;ai particip\u00e9 en tant qu&rsquo;intervenant du &hellip; <a href=\"https:\/\/perso.atilf.fr\/wsayer\/conferences-seminaires\/\">Continuer la lecture <span class=\"meta-nav\">&rarr;<\/span><\/a><\/p>\n","protected":false},"author":1,"featured_media":0,"parent":0,"menu_order":0,"comment_status":"closed","ping_status":"closed","template":"","meta":{"footnotes":""},"class_list":["post-21","page","type-page","status-publish","hentry"],"_links":{"self":[{"href":"https:\/\/perso.atilf.fr\/wsayer\/wp-json\/wp\/v2\/pages\/21","targetHints":{"allow":["GET"]}}],"collection":[{"href":"https:\/\/perso.atilf.fr\/wsayer\/wp-json\/wp\/v2\/pages"}],"about":[{"href":"https:\/\/perso.atilf.fr\/wsayer\/wp-json\/wp\/v2\/types\/page"}],"author":[{"embeddable":true,"href":"https:\/\/perso.atilf.fr\/wsayer\/wp-json\/wp\/v2\/users\/1"}],"replies":[{"embeddable":true,"href":"https:\/\/perso.atilf.fr\/wsayer\/wp-json\/wp\/v2\/comments?post=21"}],"version-history":[{"count":21,"href":"https:\/\/perso.atilf.fr\/wsayer\/wp-json\/wp\/v2\/pages\/21\/revisions"}],"predecessor-version":[{"id":420,"href":"https:\/\/perso.atilf.fr\/wsayer\/wp-json\/wp\/v2\/pages\/21\/revisions\/420"}],"wp:attachment":[{"href":"https:\/\/perso.atilf.fr\/wsayer\/wp-json\/wp\/v2\/media?parent=21"}],"curies":[{"name":"wp","href":"https:\/\/api.w.org\/{rel}","templated":true}]}}