{"id":23,"date":"2015-06-29T13:44:14","date_gmt":"2015-06-29T12:44:14","guid":{"rendered":"https:\/\/apps.atilf.fr\/homepages\/wsayer\/?page_id=23"},"modified":"2021-11-09T10:42:31","modified_gmt":"2021-11-09T09:42:31","slug":"cv","status":"publish","type":"page","link":"https:\/\/perso.atilf.fr\/wsayer\/cv\/","title":{"rendered":"Curriculum Vitae"},"content":{"rendered":"<h3><span style=\"text-decoration: underline\"><strong>Documents<a href=\"https:\/\/perso.atilf.fr\/wsayer\/wp-content\/uploads\/sites\/20\/2018\/06\/cv_William_20180112.pdf\">\u00a0<\/a><\/strong><\/span><\/h3>\n<p><span style=\"text-decoration: underline\"><strong><a href=\"https:\/\/perso.atilf.fr\/wsayer\/wp-content\/uploads\/sites\/20\/2018\/06\/cv_William_20180112.pdf\" target=\"_blank\" rel=\"noopener noreferrer\">cv_William_20180112<\/a><\/strong><\/span><\/p>\n<hr \/>\n<h3><span style=\"text-decoration: underline\"><strong>Formation<\/strong><\/span><\/h3>\n<ul>\n<li>\n<h5>2014\/2015 \u2022 Niveau licence maths\/info \u2022 CTU de besan\u00e7on<\/h5>\n<\/li>\n<li>\n<h5><strong><span style=\"color: blue\">Octobre 2009\/Juin 2010 \u2022 Licence Professionnelle \u2022 Universit\u00e9 Rennes 1\u00a0\u2022 IUT de Lannion<\/span><\/strong><\/h5>\n<ul>\n<li>\n<h6><em>Validation totale et obtention de la Licence professionnelle de technologie gestion des syst\u00e8mes et r\u00e9seaux pour les petites et moyennes organisations.<\/em><\/h6>\n<\/li>\n<\/ul>\n<\/li>\n<li>\n<h5>Novembre 2010 \u00e0 F\u00e9vrier 2011 \u2022 Cours suivis en auditeur libre en Licence Professionnelle ASRALL \u2022 Universit\u00e9 de Lorraine \u2022 IUT CHARLEMAGNE<\/h5>\n<\/li>\n<li>\n<h5><strong><span style=\"color: blue\">BAC TECHNIQUE \u2022 d\u00e9cembre 1996\/novembre 1997 \u2022 AFPA REMIREMONT<\/span><\/strong><\/h5>\n<ul>\n<li>\n<h6><em>21 novembre : Dipl\u00f4me de Technicien de Maintenance des Syst\u00e8mes Informatiques.<\/em><\/h6>\n<\/li>\n<li>\n<h6><em>2\u00e8me de la promotion avec une note de 17\/20 \u00e0 l&rsquo;examen final et contr\u00f4le continu.<\/em><\/h6>\n<\/li>\n<\/ul>\n<\/li>\n<\/ul>\n<hr \/>\n<h3><span style=\"text-decoration: underline\"><strong><br \/>\nExp\u00e9rience professionnelle<\/strong><\/span><\/h3>\n<p><strong>Administrateur syst\u00e8mes et r\u00e9seaux \u00e0 compter du 1 juillet 2020 (promotion par concours interne en juin 2020, class\u00e9 2\u00e8me sur 33).<br \/>\n<\/strong><\/p>\n<ul>\n<li>Membre du comit\u00e9 national section 34 en tant qu&rsquo;\u00e9lu C.<\/li>\n<li>Membre actif pour assurer des interventions \u00e0 des ANF et JoSy.<\/li>\n<\/ul>\n<p><strong>Assistant-ing\u00e9nieur depuis le 01\/09\/2010 jusqu&rsquo;au 30 juin 2020 (promotion par concours interne en juin 2010, class\u00e9 4\u00e8me sur 41).<\/strong><\/p>\n<ul>\n<li>\n<h5>Gestion et maintiens de l&rsquo;infrastructure en utilisant les services GLPi\/Fusioninventory, WSUS, Kaspersky Business Select Security et NAGIOS.<\/h5>\n<\/li>\n<li>\n<h5>D\u00e9ploiement des postes de travail Windows 10 Professional via WDS\/MDT.<\/h5>\n<ul>\n<li>\n<h5>D\u00e9veloppement d&rsquo;un script C++ pour l&rsquo;installation et la mise \u00e0 jour des applications bureautiques et sp\u00e9cifiques au travers d&rsquo;Active Directory via une GPO.<\/h5>\n<\/li>\n<\/ul>\n<\/li>\n<li>\n<h5>D\u00e9ploiement des postes Linux Ubuntu, Debian et CentOS via la plateforme SYSLINUX\/CLONEZILLA.<\/h5>\n<\/li>\n<li>\n<h5>Installation et param\u00e9trage syst\u00e8me et r\u00e9seau des postes MacOS X, IOS, android.<\/h5>\n<\/li>\n<li>\n<h5>Surveillance et administration quotidienne des sauvegardes des serveurs avec Time Navigator.<\/h5>\n<\/li>\n<li>\n<h5>Modifications et maintiens des services vitaux : NAT, DNS, DHCP, LDAP, SYMPA, MAIL (ZIMBRA).<\/h5>\n<\/li>\n<li>\n<h5>Gestion de l\u2019infrastructure de la t\u00e9l\u00e9phonie IP et WIFI en collaboration avec l\u2019Universit\u00e9 de Lorraine.<\/h5>\n<\/li>\n<li>\n<h5>Installation et maintenance des mat\u00e9riels actifs (commutateurs, onduleurs, Baie de stockage, serveurs Windows et Linux).<\/h5>\n<\/li>\n<li>\n<h5>Installations et configuration des serveurs virtuels sur plateforme vsphere 6.7.<\/h5>\n<\/li>\n<li>Installation des syst\u00e8mes d&rsquo;exploitation Windows Server 2016 et 2019, Linux CentOS, Linux Debian et Ubuntu server.<\/li>\n<li>\n<h5>Assistance et formations aux utilisateurs.<\/h5>\n<\/li>\n<li>\n<h5>Encadrement de stagiaire de DUT, Licence et AFPA niveau BTS.<\/h5>\n<\/li>\n<li>\n<h5>Formateur CNRS pour l\u2019application de d\u00e9ploiement WDS\/MDT.<\/h5>\n<\/li>\n<li>\n<h5>Enseignant \u00e0 l&rsquo;Universit\u00e9 de Lorraine sciences du langage dans l&rsquo;UE Humanit\u00e9s Num\u00e9riques.<\/h5>\n<\/li>\n<\/ul>\n","protected":false},"excerpt":{"rendered":"<p>Documents\u00a0 cv_William_20180112 Formation 2014\/2015 \u2022 Niveau licence maths\/info \u2022 CTU de besan\u00e7on Octobre 2009\/Juin 2010 \u2022 Licence Professionnelle \u2022 Universit\u00e9 Rennes 1\u00a0\u2022 IUT de Lannion Validation totale et obtention de la Licence professionnelle de technologie gestion des syst\u00e8mes et r\u00e9seaux &hellip; <a href=\"https:\/\/perso.atilf.fr\/wsayer\/cv\/\">Continuer la lecture <span class=\"meta-nav\">&rarr;<\/span><\/a><\/p>\n","protected":false},"author":1,"featured_media":0,"parent":0,"menu_order":0,"comment_status":"closed","ping_status":"closed","template":"","meta":{"footnotes":""},"class_list":["post-23","page","type-page","status-publish","hentry"],"_links":{"self":[{"href":"https:\/\/perso.atilf.fr\/wsayer\/wp-json\/wp\/v2\/pages\/23","targetHints":{"allow":["GET"]}}],"collection":[{"href":"https:\/\/perso.atilf.fr\/wsayer\/wp-json\/wp\/v2\/pages"}],"about":[{"href":"https:\/\/perso.atilf.fr\/wsayer\/wp-json\/wp\/v2\/types\/page"}],"author":[{"embeddable":true,"href":"https:\/\/perso.atilf.fr\/wsayer\/wp-json\/wp\/v2\/users\/1"}],"replies":[{"embeddable":true,"href":"https:\/\/perso.atilf.fr\/wsayer\/wp-json\/wp\/v2\/comments?post=23"}],"version-history":[{"count":49,"href":"https:\/\/perso.atilf.fr\/wsayer\/wp-json\/wp\/v2\/pages\/23\/revisions"}],"predecessor-version":[{"id":384,"href":"https:\/\/perso.atilf.fr\/wsayer\/wp-json\/wp\/v2\/pages\/23\/revisions\/384"}],"wp:attachment":[{"href":"https:\/\/perso.atilf.fr\/wsayer\/wp-json\/wp\/v2\/media?parent=23"}],"curies":[{"name":"wp","href":"https:\/\/api.w.org\/{rel}","templated":true}]}}